{"id":94,"date":"2020-04-06T19:05:13","date_gmt":"2020-04-06T17:05:13","guid":{"rendered":"http:\/\/managementpapers.polsl.pl\/?page_id=94"},"modified":"2023-09-29T07:38:13","modified_gmt":"2023-09-29T05:38:13","slug":"editorial-board","status":"publish","type":"page","link":"https:\/\/managementpapers.polsl.pl\/?page_id=94","title":{"rendered":"Editorial Board"},"content":{"rendered":"\n<p><strong>President of the Editorial Board:<\/strong><br>Prof. Jan Brz\u00f3ska, Silesian University of Technology, Poland<br><br><strong>Vice-president of the Editorial Board:<\/strong><br>Prof. Izabela Jonek-Kowalska, Silesian University of Technology, Poland<br><br><strong>Editor in Chief of the Journal<\/strong>:<br>Prof. Rados\u0142aw Wolniak, Silesian University of Technology, Poland<br><br><strong>Secretary of the Journal:<\/strong><br>Prof. Bo\u017cena Skotnicka-Zasadzie\u0144, Silesian University of Technology, Poland<br><br><strong>Members of the Editorial Board:<\/strong><br>Prof. Lucia Lucia Bednarova, University of Economics in Bratislava, Slovakia<br>Prof. Jan Brz\u00f3ska, Silesian University of Technology, Poland<br>Prof. Waldemar Czajkowski, Silesian University of Technology, Poland<br>Prof. Ana-Maria Grigore, University of Bucharest, Romania<br>Prof. Izabela Jonek-Kowalska, Silesian University of Technology, Poland<br>Prof. Jos\u00e9-Ignacio Santos, University of Burgos, Spain <br>Prof. Hana Stojanova, Mendel University in Brno, Czech Republic <br>Prof. Rados\u0142aw Wolniak, Silesian University of Technology, Poland<br>Prof. Mariusz Zieli\u0144ski, Opole Technical University, Poland<br><br><strong>Website Editor<\/strong>:<br>MSc Andrzej Smogulski, Silesian University of Technology, Poland<\/p>\n","protected":false},"excerpt":{"rendered":"<p>President of the Editorial Board:Prof. Jan Brz\u00f3ska, Silesian University of Technology, Poland Vice-president of the Editorial Board:Prof. Izabela Jonek-Kowalska, Silesian University of Technology, Poland Editor in Chief of the Journal:Prof. Rados\u0142aw Wolniak, Silesian University of Technology, Poland Secretary of the Journal:Prof. Bo\u017cena Skotnicka-Zasadzie\u0144, Silesian University of Technology, Poland Members of the Editorial Board:Prof. Lucia Lucia [&hellip;]<\/p>\n","protected":false},"author":1,"featured_media":0,"parent":0,"menu_order":0,"comment_status":"closed","ping_status":"closed","template":"","meta":{"footnotes":""},"class_list":["post-94","page","type-page","status-publish","hentry"],"_links":{"self":[{"href":"https:\/\/managementpapers.polsl.pl\/index.php?rest_route=\/wp\/v2\/pages\/94","targetHints":{"allow":["GET"]}}],"collection":[{"href":"https:\/\/managementpapers.polsl.pl\/index.php?rest_route=\/wp\/v2\/pages"}],"about":[{"href":"https:\/\/managementpapers.polsl.pl\/index.php?rest_route=\/wp\/v2\/types\/page"}],"author":[{"embeddable":true,"href":"https:\/\/managementpapers.polsl.pl\/index.php?rest_route=\/wp\/v2\/users\/1"}],"replies":[{"embeddable":true,"href":"https:\/\/managementpapers.polsl.pl\/index.php?rest_route=%2Fwp%2Fv2%2Fcomments&post=94"}],"version-history":[{"count":15,"href":"https:\/\/managementpapers.polsl.pl\/index.php?rest_route=\/wp\/v2\/pages\/94\/revisions"}],"predecessor-version":[{"id":3577,"href":"https:\/\/managementpapers.polsl.pl\/index.php?rest_route=\/wp\/v2\/pages\/94\/revisions\/3577"}],"wp:attachment":[{"href":"https:\/\/managementpapers.polsl.pl\/index.php?rest_route=%2Fwp%2Fv2%2Fmedia&parent=94"}],"curies":[{"name":"wp","href":"https:\/\/api.w.org\/{rel}","templated":true}]}}