{"id":7609,"date":"2025-05-16T09:40:01","date_gmt":"2025-05-16T07:40:01","guid":{"rendered":"https:\/\/managementpapers.polsl.pl\/?page_id=7609"},"modified":"2025-05-16T11:27:31","modified_gmt":"2025-05-16T09:27:31","slug":"scientific-papers-of-silesian-university-of-technology-organization-and-management-series-issue-no-221","status":"publish","type":"page","link":"https:\/\/managementpapers.polsl.pl\/?page_id=7609","title":{"rendered":"Scientific Papers of Silesian University of Technology \u2013 Organization and Management Series \u2013 Issue No. 221"},"content":{"rendered":"\n<p class=\"has-text-align-center\"><strong><a href=\"https:\/\/managementpapers.polsl.pl\/wp-content\/uploads\/2025\/05\/ZN221.pdf\">Click Here To Download Full Issue No. 221<\/a><\/strong><\/p>\n\n\n\n<p>1. <strong><a href=\"https:\/\/managementpapers.polsl.pl\/wp-content\/uploads\/2025\/05\/221-Andrzejczak.pdf\"><strong><strong><strong>Beata ANDRZEJCZAK <\/strong>\u2013 Assessment of the effectiveness of selected logisttcs indicators of network enterprises in the SME sector in Poland in 2019-2022<\/strong><\/strong><\/a><\/strong><br>DOI: http:\/\/dx.doi.org\/10.29119\/1641-3466.2025.221.1<\/p>\n\n\n\n<p>2. <strong><a href=\"https:\/\/managementpapers.polsl.pl\/wp-content\/uploads\/2025\/05\/221-Bartusik-Walas-Tr\u0119bacz.pdf\"><strong><strong><strong>Katarzyna BARTUSIK, Jolanta WALAS-TR\u0118BACZ <\/strong>\u2013 Effects of implementing ergonomic innovations \u2013 empirical research in organizations<\/strong><\/strong><\/a><\/strong><br>DOI: http:\/\/dx.doi.org\/10.29119\/1641-3466.2025.221.2<\/p>\n\n\n\n<p>3. <strong><a href=\"https:\/\/managementpapers.polsl.pl\/wp-content\/uploads\/2025\/05\/221-Bolek-Zengin.pdf\"><strong><strong><strong>Monika BOLEK, Burcu ZENGIN <\/strong>\u2013 ESG: the new currency of brand value<\/strong><\/strong><\/a><\/strong><br>DOI: http:\/\/dx.doi.org\/10.29119\/1641-3466.2025.221.3<\/p>\n\n\n\n<p>4. <strong><a href=\"https:\/\/managementpapers.polsl.pl\/wp-content\/uploads\/2025\/05\/221-Czernecki-Wilczy\u0144ska.pdf\"><strong><strong><strong>Marta CZERNECKI-WILCZY\u0143SKA <\/strong>\u2013 Quality management as a result of the development of human thought<\/strong><\/strong><\/a><\/strong><br>DOI: http:\/\/dx.doi.org\/10.29119\/1641-3466.2025.221.4<\/p>\n\n\n\n<p>5. <strong><a href=\"https:\/\/managementpapers.polsl.pl\/wp-content\/uploads\/2025\/05\/221-\u0106wi\u0105ka\u0142a-Gajda-\u0106wi\u0105ka\u0142a-G\u00f3rka-Baran-Wojak-Mrzyg\u0142\u00f3d-Frasunkiewicz-R\u0119czajski-Piwnik.pdf\"><strong><strong><strong>Joanna \u0106WI\u0104KA\u0141A, Waldemar GAJDA, Micha\u0142 \u0106WI\u0104KA\u0141A, Ernest G\u00d3RKA, Dariusz BARAN, Gabriela WOJAK, Piotr MRZYG\u0141\u00d3D, Maciej FRASUNKIEWICZ, Piotr R\u0118CZAJSKI, Jan PIWNIK <\/strong>\u2013 The importance of emotional intelligence in leadership for building an effective team<\/strong><\/strong><\/a><\/strong><br>DOI: http:\/\/dx.doi.org\/10.29119\/1641-3466.2025.221.5<\/p>\n\n\n\n<p>6. <strong><a href=\"https:\/\/managementpapers.polsl.pl\/wp-content\/uploads\/2025\/05\/221-\u0106wi\u0105ka\u0142a-Walter-Baran-Wojak-G\u00f3rka-Mrzyg\u0142\u00f3d-Frasunkiewicz-R\u0119czajski-Piwnik.pdf\"><strong><strong><strong>Micha\u0142 \u0106WI\u0104KA\u0141A, Julia WALTER, Dariusz BARAN, Gabriela WOJAK, Ernest G\u00d3RKA, Piotr MRZYG\u0141\u00d3D, Maciej FRASUNKIEWICZ, Piotr R\u0118CZAJSKI, Jan PIWNIK <\/strong>\u2013 The impact of leadership styles on project efficiency<\/strong><\/strong><\/a><\/strong><br>DOI: http:\/\/dx.doi.org\/10.29119\/1641-3466.2025.221.6<\/p>\n\n\n\n<p>7. <strong><a href=\"https:\/\/managementpapers.polsl.pl\/wp-content\/uploads\/2025\/05\/221-Dudzik-Lewicka.pdf\"><strong><strong><strong>Irena DUDZIK-LEWICKA <\/strong>\u2013 &#8222;Silent seller\u201d in business practice: preliminary research results based on the FMCG industry<\/strong><\/strong><\/a><\/strong><br>DOI: http:\/\/dx.doi.org\/10.29119\/1641-3466.2025.221.7<\/p>\n\n\n\n<p>8. <strong><a href=\"https:\/\/managementpapers.polsl.pl\/wp-content\/uploads\/2025\/05\/221-Gerlic-Rdzawska-Augustin.pdf\"><strong><strong><strong>Krzysztof GERLIC, El\u017cbieta RDZAWSKA-AUGUSTIN <\/strong>\u2013 Enhancing student learning through experimental research: traditional methods of constructing half-timbered walls<\/strong><\/strong><\/a><\/strong><br>DOI: http:\/\/dx.doi.org\/10.29119\/1641-3466.2025.221.8<\/p>\n\n\n\n<p>9. <strong><a href=\"https:\/\/managementpapers.polsl.pl\/wp-content\/uploads\/2025\/05\/221-G\u00f3rtowski.pdf\"><strong><strong><strong>Szczepan G\u00d3RTOWSKI <\/strong>\u2013 A data-driven framework for incremental supply chain optimization<\/strong><\/strong><\/a><\/strong><br>DOI: http:\/\/dx.doi.org\/10.29119\/1641-3466.2025.221.9<\/p>\n\n\n\n<p>10. <strong><a href=\"https:\/\/managementpapers.polsl.pl\/wp-content\/uploads\/2025\/05\/221-Ignac-Nowicka.pdf\"><strong><strong><strong>Jolanta IGNAC-NOWICKA <\/strong>\u2013 Analysis of technical and technological solutions to support environmental management in a smart city<\/strong><\/strong><\/a><\/strong><br>DOI: http:\/\/dx.doi.org\/10.29119\/1641-3466.2025.221.10<\/p>\n\n\n\n<p>11. <strong><a href=\"https:\/\/managementpapers.polsl.pl\/wp-content\/uploads\/2025\/05\/221-Janikowska-Ahmed.pdf\"><strong><strong><strong>Olga JANIKOWSKA, Junaid AHMED <\/strong>\u2013 Comparative energy transformation management: Poland and Germany&#8217;s path to sustainability<\/strong><\/strong><\/a><\/strong><br>DOI: http:\/\/dx.doi.org\/10.29119\/1641-3466.2025.221.11<\/p>\n\n\n\n<p>12. <strong><a href=\"https:\/\/managementpapers.polsl.pl\/wp-content\/uploads\/2025\/05\/221-Juszczak-Szel\u0105gowska-Czerwi\u0144ska-Olewnicki-Filipiak.pdf\"><strong><strong><strong>Ksenia JUSZCZAK-SZEL\u0104GOWSKA, Weronika CZERWI\u0143SKA, Dawid OLEWNICKI, Tadeusz FILIPIAK <\/strong>\u2013 Polish consumers&#8217; preferences in vegetable consumption<\/strong><\/strong><\/a><\/strong><br>DOI: http:\/\/dx.doi.org\/10.29119\/1641-3466.2025.221.12<\/p>\n\n\n\n<p>13. <strong><a href=\"https:\/\/managementpapers.polsl.pl\/wp-content\/uploads\/2025\/05\/221-Karcz-Ryndak-Zapata-Aguirre.pdf\"><strong><strong><strong>Julia KARCZ-RYNDAK, Sandra ZAPATA-AGUIRRE <\/strong>\u2013 Theatre management in the context of the development of new generation technologies \u2013 management implications arising from the impact of technology on the shaping theatre functions<\/strong><\/strong><\/a><\/strong><br>DOI: http:\/\/dx.doi.org\/10.29119\/1641-3466.2025.221.13<\/p>\n\n\n\n<p>14. <strong><a href=\"https:\/\/managementpapers.polsl.pl\/wp-content\/uploads\/2025\/05\/221-Ko\u0107.pdf\"><strong><strong><strong>Tomasz KO\u0106 <\/strong>\u2013 Process orientation in project management in companies of the installation and assembly industry<\/strong><\/strong><\/a><\/strong><br>DOI: http:\/\/dx.doi.org\/10.29119\/1641-3466.2025.221.14<\/p>\n\n\n\n<p>15. <strong><a href=\"https:\/\/managementpapers.polsl.pl\/wp-content\/uploads\/2025\/05\/221-Kope\u0107.pdf\"><strong><strong><strong>Ewa KOPE\u0106 <\/strong>\u2013 The significance of economic innovation in the conditions of the pandemic crisis and related government actions<\/strong><\/strong><\/a><\/strong><br>DOI: http:\/\/dx.doi.org\/10.29119\/1641-3466.2025.221.15<\/p>\n\n\n\n<p>16. <strong><a href=\"https:\/\/managementpapers.polsl.pl\/wp-content\/uploads\/2025\/05\/221-Kr\u00f3l-Bazarnik-Niedzi\u00f3\u0142ka-Dziatkiewicz.pdf\"><strong><strong><strong>Karol KR\u00d3L, \u0141ukasz BAZARNIK, Arkadiusz NIEDZI\u00d3\u0141KA, \u0141ukasz DZIATKIEWICZ <\/strong>\u2013 Protecting and promoting Polish technological heritage with the tourist trail of digital cultural heritage: concept, criteria, and growth potential<\/strong><\/strong><\/a><\/strong><br>DOI: http:\/\/dx.doi.org\/10.29119\/1641-3466.2025.221.16<\/p>\n\n\n\n<p>17. <strong><a href=\"https:\/\/managementpapers.polsl.pl\/wp-content\/uploads\/2025\/05\/221-Lisiak-Felicka-Szmit.pdf\"><strong><strong><strong>Dominika LISIAK-FELICKA, Maciej SZMIT <\/strong>\u2013 Information security incident management and cybersecurity awareness in local government in Poland<\/strong><\/strong><\/a><\/strong><br>DOI: http:\/\/dx.doi.org\/10.29119\/1641-3466.2025.221.17<\/p>\n\n\n\n<p>18. <strong><a href=\"https:\/\/managementpapers.polsl.pl\/wp-content\/uploads\/2025\/05\/221-Madyda.pdf\"><strong><strong><strong>Aneta MADYDA <\/strong>\u2013 Innovations in Polish enterprises in crisis conditions<\/strong><\/strong><\/a><\/strong><br>DOI: http:\/\/dx.doi.org\/10.29119\/1641-3466.2025.221.18<\/p>\n\n\n\n<p>19. <strong><a href=\"https:\/\/managementpapers.polsl.pl\/wp-content\/uploads\/2025\/05\/221-Markowska.pdf\"><strong><strong><strong>Ewelina MARKOWSKA <\/strong>\u2013 The importance of personal income tax in the budgets of municipalities in Poland in 2019-2023<\/strong><\/strong><\/a><\/strong><br>DOI: http:\/\/dx.doi.org\/10.29119\/1641-3466.2025.221.19<\/p>\n\n\n\n<p>20. <strong><a href=\"https:\/\/managementpapers.polsl.pl\/wp-content\/uploads\/2025\/05\/221-Matwiejczuk.pdf\"><strong><strong><strong>Rafa\u0142 MATWIEJCZUK <\/strong>\u2013 Marketing concept revisited. market orientation as a basis for the marketing concept development<\/strong><\/strong><\/a><\/strong><br>DOI: http:\/\/dx.doi.org\/10.29119\/1641-3466.2025.221.20<\/p>\n\n\n\n<p>21. <strong><a href=\"https:\/\/managementpapers.polsl.pl\/wp-content\/uploads\/2025\/05\/221-Mazur-Wierzbicka-Rzepka-Boiko-Ba\u0144kowski.pdf\"><strong><strong><strong>Ewa MAZUR-WIERZBICKA, Agnieszka RZEPKA, Julia BOIKO, Pawe\u0142 BA\u0143KOWSKI <\/strong>\u2013 The role of leaders in establishing and maintaining interorganizational relationships<\/strong><\/strong><\/a><\/strong><br>DOI: http:\/\/dx.doi.org\/10.29119\/1641-3466.2025.221.21<\/p>\n\n\n\n<p>22. <strong><a href=\"https:\/\/managementpapers.polsl.pl\/wp-content\/uploads\/2025\/05\/221-Mazur-W\u0142odarczyk-\u0141ukaniszyn-Domaszewska.pdf\"><strong><strong><strong>Katarzyna MAZUR-W\u0141ODARCZYK, Katarzyna \u0141UKANISZYN-DOMASZEWSKA <\/strong>\u2013 Empowering migrants through craft-based skills: social economy initiatives for integration and inclusion<\/strong><\/strong><\/a><\/strong><br>DOI: http:\/\/dx.doi.org\/10.29119\/1641-3466.2025.221.22<\/p>\n\n\n\n<p>23. <strong><a href=\"https:\/\/managementpapers.polsl.pl\/wp-content\/uploads\/2025\/05\/221-Niekurzak-Lewicki-Coban.pdf\"><strong><strong><strong>Mariusz NIEKURZAK, Wojciech LEWICKI, Hasan Huseyin COBAN <\/strong>\u2013 The CAD tool in managing the design process of machinery and equipment as a road to Industry 4.0<\/strong><\/strong><\/a><\/strong><br>DOI: http:\/\/dx.doi.org\/10.29119\/1641-3466.2025.221.23<\/p>\n\n\n\n<p>24. <strong><a href=\"https:\/\/managementpapers.polsl.pl\/wp-content\/uploads\/2025\/05\/221-Olejniczak-Szuster.pdf\"><strong><strong><strong>Katarzyna OLEJNICZAK-SZUSTER <\/strong>\u2013 Ecology in the workplace: key value or redundant luxury?<\/strong><\/strong><\/a><\/strong><br>DOI: http:\/\/dx.doi.org\/10.29119\/1641-3466.2025.221.24<\/p>\n\n\n\n<p>25. <strong><a href=\"https:\/\/managementpapers.polsl.pl\/wp-content\/uploads\/2025\/05\/221-Pe\u0142ka-Rybicka.pdf\"><strong><strong><strong>Marcin PE\u0141KA, Aneta RYBICKA <\/strong>\u2013 Latent profile analysis of beer consumers with the application of R software<\/strong><\/strong><\/a><\/strong><br>DOI: http:\/\/dx.doi.org\/10.29119\/1641-3466.2025.221.25<\/p>\n\n\n\n<p>26. <strong><a href=\"https:\/\/managementpapers.polsl.pl\/wp-content\/uploads\/2025\/05\/221-Podk\u00f3wka-Karpacz.pdf\"><strong><strong><strong>S\u0142awomir PODK\u00d3WKA, Jaros\u0142aw KARPACZ <\/strong>\u2013 Tax consolidation: tool of creation relational rents, and interfirm performance<\/strong><\/strong><\/a><\/strong><br>DOI: http:\/\/dx.doi.org\/10.29119\/1641-3466.2025.221.26<\/p>\n\n\n\n<p>27. <strong><a href=\"https:\/\/managementpapers.polsl.pl\/wp-content\/uploads\/2025\/05\/221-Przybylska-Mazur.pdf\"><strong><strong><strong>Agnieszka PRZYBYLSKA-MAZUR <\/strong>\u2013 Alternative method of fiscal stability assessment<\/strong><\/strong><\/a><\/strong><br>DOI: http:\/\/dx.doi.org\/10.29119\/1641-3466.2025.221.27<\/p>\n\n\n\n<p>28. <strong><a href=\"https:\/\/managementpapers.polsl.pl\/wp-content\/uploads\/2025\/05\/221-Siemiatowski-Szulczewska-Remi.pdf\"><strong><strong><strong>Fabian SIEMIATOWSKI, Aleksandra SZULCZEWSKA-REMI <\/strong>\u2013 From knowledge to entrepreneurship: the concept of the utility factors model in economics and finance<\/strong><\/strong><\/a><\/strong><br>DOI: http:\/\/dx.doi.org\/10.29119\/1641-3466.2025.221.28<\/p>\n\n\n\n<p>29. <strong><a href=\"https:\/\/managementpapers.polsl.pl\/wp-content\/uploads\/2025\/05\/221-Skrzypek-Grudowski.pdf\"><strong><strong><strong>El\u017cbieta SKRZYPEK, Piotr GRUDOWSKI <\/strong>\u2013 Conditions and consequences of quality development \u2013 from Quality 4.0 to 5.0<\/strong><\/strong><\/a><\/strong><br>DOI: http:\/\/dx.doi.org\/10.29119\/1641-3466.2025.221.29<\/p>\n\n\n\n<p>30. <strong><a href=\"https:\/\/managementpapers.polsl.pl\/wp-content\/uploads\/2025\/05\/221-So\u0142tysik-Piorunkiewicz-Chmielarz-Morawiec-Zborowski-Atasever.pdf\"><strong><strong><strong>Anna SO\u0141TYSIK-PIORUNKIEWICZ, Witold CHMIELARZ, Patryk MORAWIEC, Marek ZBOROWSKI, Mesut ATASEVER <\/strong>\u2013 Awareness of knowledge and innovation of ehealth: similarities and differences in the assessment of ehealth portals and mhealth applications in students&#8217; perspective<\/strong><\/strong><\/a><\/strong><br>DOI: http:\/\/dx.doi.org\/10.29119\/1641-3466.2025.221.30<\/p>\n\n\n\n<p>31. <strong><a href=\"https:\/\/managementpapers.polsl.pl\/wp-content\/uploads\/2025\/05\/221-Szafra\u0144ska.pdf\"><strong><strong><strong>Monika SZAFRA\u0143SKA <\/strong>\u2013 Price attributes of the image of cooperative banks<\/strong><\/strong><\/a><\/strong><br>DOI: http:\/\/dx.doi.org\/10.29119\/1641-3466.2025.221.31<\/p>\n\n\n\n<p>32. <strong><a href=\"https:\/\/managementpapers.polsl.pl\/wp-content\/uploads\/2025\/05\/221-Topolska.pdf\"><strong><strong><strong>Katarzyna TOPOLSKA <\/strong>\u2013 Application of multi-criteria optimization for feature selection in machine learning based risk classification supporting supply chain management<\/strong><\/strong><\/a><\/strong><br>DOI: http:\/\/dx.doi.org\/10.29119\/1641-3466.2025.221.32<\/p>\n\n\n\n<p>33. <strong><a href=\"https:\/\/managementpapers.polsl.pl\/wp-content\/uploads\/2025\/05\/221-Ulewicz.pdf\"><strong><strong><strong>Ma\u0142gorzata ULEWICZ <\/strong>\u2013 Public procurement with environmental criteria in Polish construction: policy and practice implications<\/strong><\/strong><\/a><\/strong><br>DOI: http:\/\/dx.doi.org\/10.29119\/1641-3466.2025.221.33<\/p>\n\n\n\n<p>34. <strong><a href=\"https:\/\/managementpapers.polsl.pl\/wp-content\/uploads\/2025\/05\/221-Waliszewski-\u0141ukaszewski.pdf\"><strong><strong><strong>Krzysztof WALISZEWSKI, Sebastian \u0141UKASZEWSKI <\/strong>\u2013 Quality of mortgage credit in Polish banks: the role of digitalisation<\/strong><\/strong><\/a><\/strong><br>DOI: http:\/\/dx.doi.org\/10.29119\/1641-3466.2025.221.34<\/p>\n\n\n\n<p>35. <strong><a href=\"https:\/\/managementpapers.polsl.pl\/wp-content\/uploads\/2025\/05\/221-W\u0119grzyn-Szczucka-Lasota-Jurek-Piotrowicz-Labus-Lasota.pdf\"><strong><strong><strong>Tomasz W\u0118GRZYN, Bo\u017cena SZCZUCKA-LASOTA, Adam JUREK, Pawe\u0142 PIOTROWICZ, Artur LABUS, Patrycja LASOTA <\/strong>\u2013 Economic aspects of of titanium alloy Ti-5Al-2.5Sn welding for aviation applications<\/strong><\/strong><\/a><\/strong><br>DOI: http:\/\/dx.doi.org\/10.29119\/1641-3466.2025.221.35<\/p>\n\n\n\n<p>36. <strong><a href=\"https:\/\/managementpapers.polsl.pl\/wp-content\/uploads\/2025\/05\/221-Wodnicka-Kozar-Karkowski.pdf\"><strong><strong><strong><strong>Monika WODNICKA, \u0141ukasz Jaros\u0142aw KOZAR, Tomasz KARKOWSKI <\/strong>\u2013 Logistics services facing the challenges of a green economy: extraction of key green research areas<\/strong><\/strong><\/strong><\/a><\/strong><br>DOI: http:\/\/dx.doi.org\/10.29119\/1641-3466.2025.221.36<\/p>\n\n\n\n<p>37. <strong><a href=\"https:\/\/managementpapers.polsl.pl\/wp-content\/uploads\/2025\/05\/221-Zg\u00f3rska-Hildebrandt.pdf\"><strong><strong><strong><strong>Aleksandra ZG\u00d3RSKA, Robert HILDEBRANDT <\/strong>\u2013 Quantitative assessment of Sars-Cov-2 in municipal wastewater in comparison to daily epidemiological reports on the incidence of Covid-19 in the region<\/strong><\/strong><\/strong><\/a><\/strong><br>DOI: http:\/\/dx.doi.org\/10.29119\/1641-3466.2025.221.37<\/p>\n\n\n\n<p>38. <strong><a href=\"https:\/\/managementpapers.polsl.pl\/wp-content\/uploads\/2025\/05\/221-Zygosz.pdf\"><strong><strong><strong><strong>Wiktor ZYGOSZ <\/strong>\u2013 The internationalization of enterprises in the face of globalization \u2013 identification of key issues and models<\/strong><\/strong><\/strong><\/a><\/strong><br>DOI: http:\/\/dx.doi.org\/10.29119\/1641-3466.2025.221.38<\/p>\n","protected":false},"excerpt":{"rendered":"<p>Click Here To Download Full Issue No. 221 1. Beata ANDRZEJCZAK \u2013 Assessment of the effectiveness of selected logisttcs indicators of network enterprises in the SME sector in Poland in 2019-2022DOI: http:\/\/dx.doi.org\/10.29119\/1641-3466.2025.221.1 2. Katarzyna BARTUSIK, Jolanta WALAS-TR\u0118BACZ \u2013 Effects of implementing ergonomic innovations \u2013 empirical research in organizationsDOI: http:\/\/dx.doi.org\/10.29119\/1641-3466.2025.221.2 3. Monika BOLEK, Burcu ZENGIN \u2013 [&hellip;]<\/p>\n","protected":false},"author":2,"featured_media":0,"parent":0,"menu_order":0,"comment_status":"closed","ping_status":"closed","template":"","meta":{"footnotes":""},"class_list":["post-7609","page","type-page","status-publish","hentry"],"_links":{"self":[{"href":"https:\/\/managementpapers.polsl.pl\/index.php?rest_route=\/wp\/v2\/pages\/7609","targetHints":{"allow":["GET"]}}],"collection":[{"href":"https:\/\/managementpapers.polsl.pl\/index.php?rest_route=\/wp\/v2\/pages"}],"about":[{"href":"https:\/\/managementpapers.polsl.pl\/index.php?rest_route=\/wp\/v2\/types\/page"}],"author":[{"embeddable":true,"href":"https:\/\/managementpapers.polsl.pl\/index.php?rest_route=\/wp\/v2\/users\/2"}],"replies":[{"embeddable":true,"href":"https:\/\/managementpapers.polsl.pl\/index.php?rest_route=%2Fwp%2Fv2%2Fcomments&post=7609"}],"version-history":[{"count":6,"href":"https:\/\/managementpapers.polsl.pl\/index.php?rest_route=\/wp\/v2\/pages\/7609\/revisions"}],"predecessor-version":[{"id":7617,"href":"https:\/\/managementpapers.polsl.pl\/index.php?rest_route=\/wp\/v2\/pages\/7609\/revisions\/7617"}],"wp:attachment":[{"href":"https:\/\/managementpapers.polsl.pl\/index.php?rest_route=%2Fwp%2Fv2%2Fmedia&parent=7609"}],"curies":[{"name":"wp","href":"https:\/\/api.w.org\/{rel}","templated":true}]}}