{"id":6576,"date":"2025-03-24T11:58:15","date_gmt":"2025-03-24T10:58:15","guid":{"rendered":"https:\/\/managementpapers.polsl.pl\/?page_id=6576"},"modified":"2025-04-07T09:50:14","modified_gmt":"2025-04-07T07:50:14","slug":"scientific-papers-of-silesian-university-of-technology-organization-and-management-series-issue-no-216","status":"publish","type":"page","link":"https:\/\/managementpapers.polsl.pl\/?page_id=6576","title":{"rendered":"Scientific Papers of Silesian University of Technology \u2013 Organization and Management Series \u2013 Issue No. 216"},"content":{"rendered":"\n<p class=\"has-text-align-center\"><strong><a href=\"https:\/\/managementpapers.polsl.pl\/wp-content\/uploads\/2025\/04\/ZN216.pdf\">Click Here To Download Full Issue No. 216<\/a><\/strong><\/p>\n\n\n\n<p>1. <strong><a href=\"https:\/\/managementpapers.polsl.pl\/wp-content\/uploads\/2025\/03\/216-Arman.pdf\"><strong><strong>Saleh Md ARMAN <\/strong>\u2013 A bibliometric analysis of the theory of planned behavior in the circular economy<\/strong><\/a><\/strong><br>DOI: http:\/\/dx.doi.org\/10.29119\/1641-3466.2025.216.1<\/p>\n\n\n\n<p>2. <strong><a href=\"https:\/\/managementpapers.polsl.pl\/wp-content\/uploads\/2025\/03\/216-B\u0142aszczyk-Bartkowiak.pdf\"><strong><strong>Jonasz B\u0141ASZCZYK, Piotr BARTKOWIAK <\/strong>\u2013 Social housing in Vienna as a possible direction of changes in the social housing sector in Poland<\/strong><\/a><\/strong><br>DOI: http:\/\/dx.doi.org\/10.29119\/1641-3466.2025.216.2<\/p>\n\n\n\n<p>3. <strong><a href=\"https:\/\/managementpapers.polsl.pl\/wp-content\/uploads\/2025\/03\/216-Byczyk.pdf\"><strong><strong>Mateusz BYCZYK <\/strong>\u2013 The commercialization of communication: navigating strategic value, cultural dynamics, and ethical challenges<\/strong><\/a><\/strong><br>DOI: http:\/\/dx.doi.org\/10.29119\/1641-3466.2025.216.3<\/p>\n\n\n\n<p>4. <strong><a href=\"https:\/\/managementpapers.polsl.pl\/wp-content\/uploads\/2025\/03\/216-Czerwi\u0144ska-Radwa\u0144ski-Pacana.pdf\"><strong><strong>Karolina CZERWI\u0143SKA, Ryszard RADWA\u0143SKI, Andrzej PACANA <\/strong>\u2013 Energy security of Poland \u2013 energy efficiency and dependence compared to the European Union<\/strong><\/a><\/strong><br>DOI: http:\/\/dx.doi.org\/10.29119\/1641-3466.2025.216.4<\/p>\n\n\n\n<p>5. <strong><a href=\"https:\/\/managementpapers.polsl.pl\/wp-content\/uploads\/2025\/03\/216-Eckens-Kondak-Dajda.pdf\"><strong><strong>Maria ECKES-KONDAK, Jacek DAJDA <\/strong>\u2013 The IT project lifecycle in R&amp;D: an adaptive approach to project management<\/strong><\/a><\/strong><br>DOI: http:\/\/dx.doi.org\/10.29119\/1641-3466.2025.216.5<\/p>\n\n\n\n<p>6. <strong><a href=\"https:\/\/managementpapers.polsl.pl\/wp-content\/uploads\/2025\/03\/216-Feliczek-Nowicki-Kafel.pdf\"><strong><strong>Patryk FELICZEK, Pawe\u0142 NOWICKI, Piotr KAFEL <\/strong>\u2013 Assurance of work quality through onboarding process in temporary employment<\/strong><\/a><\/strong><br>DOI: http:\/\/dx.doi.org\/10.29119\/1641-3466.2025.216.6<\/p>\n\n\n\n<p>7. <strong><a href=\"https:\/\/managementpapers.polsl.pl\/wp-content\/uploads\/2025\/03\/216-G\u00f3rna-Brzechwa-Kowalczyk.pdf\"><strong><strong>Justyna G\u00d3RNA, Adam BRZECHWA, Anna KOWALCZYK <\/strong>\u2013 Pest control in the aspect of the requirements of selected food safety management standards<\/strong><\/a><\/strong><br>DOI: http:\/\/dx.doi.org\/10.29119\/1641-3466.2025.216.7<\/p>\n\n\n\n<p>8. <strong><a href=\"https:\/\/managementpapers.polsl.pl\/wp-content\/uploads\/2025\/03\/216-G\u00f3rna-Sad\u0142owska-Wrzesi\u0144ska.pdf\"><strong><strong>Justyna G\u00d3RNA, Joanna SAD\u0141OWSKA-WRZESI\u0143SKA <\/strong>\u2013 Identification of occupational health and safety areas supporting the development of a culture of food quality and safety<\/strong><\/a><\/strong><br>DOI: http:\/\/dx.doi.org\/10.29119\/1641-3466.2025.216.8<\/p>\n\n\n\n<p>9. <strong><a href=\"https:\/\/managementpapers.polsl.pl\/wp-content\/uploads\/2025\/03\/216-Joachimiak-Lechman.pdf\"><strong><strong>Katarzyna JOACHIMIAK-LECHMAN <\/strong>\u2013 Ecodesign in Polish manufacturing companies \u2013 general insights<\/strong><\/a><\/strong><br>DOI: http:\/\/dx.doi.org\/10.29119\/1641-3466.2025.216.9<\/p>\n\n\n\n<p>10. <strong><a href=\"https:\/\/managementpapers.polsl.pl\/wp-content\/uploads\/2025\/03\/216-Kafel-Nowicki.pdf\"><strong><strong>Piotr KAFEL, Pawe\u0142 NOWICKI <\/strong>\u2013 Communicating quality and food safety: insights from non-financial reporting in Polish food sector listed companies<\/strong><\/a><\/strong><br>DOI: http:\/\/dx.doi.org\/10.29119\/1641-3466.2025.216.10<\/p>\n\n\n\n<p>11. <strong><a href=\"https:\/\/managementpapers.polsl.pl\/wp-content\/uploads\/2025\/03\/216-Kasperczuk-\u0106wi\u0105ka\u0142a-G\u00f3rka-Baran-R\u0119czajski-Mrzyg\u0142\u00f3d-Frasunkiewicz-Dardzi\u0144ska-G\u0142\u0119bocka-Piwnik.pdf\"><strong><strong>Anna KASPERCZUK, Micha\u0142 \u0106WI\u0104KA\u0141A, Ernest G\u00d3RKA, Dariusz BARAN, Piotr R\u0118CZAJSKI, Piotr MRZYG\u0141\u00d3D, Maciej FRASUNKIEWICZ, Agnieszka DARDZI\u0143SKA-G\u0141\u0118BOCKA, Jan PIWNIK <\/strong>\u2013 The challenge of employee motivation in business management<\/strong><\/a><\/strong><br>DOI: http:\/\/dx.doi.org\/10.29119\/1641-3466.2025.216.11<\/p>\n\n\n\n<p>12. <strong><a href=\"https:\/\/managementpapers.polsl.pl\/wp-content\/uploads\/2025\/03\/216-Ka\u017amierczak-Ankiel-Kucia.pdf\"><strong><strong>Julia KA\u0179MIERCZAK, Magdalena ANKIEL, Micha\u0142 KUCIA <\/strong>\u2013 Determinants of consumer decisions in the short-term rental services market (Airbnb) in the aspect of the sharing economy<\/strong><\/a><\/strong><br>DOI: http:\/\/dx.doi.org\/10.29119\/1641-3466.2025.216.12<\/p>\n\n\n\n<p>13. <strong><a href=\"https:\/\/managementpapers.polsl.pl\/wp-content\/uploads\/2025\/03\/216-Ka\u017amierczak.pdf\"><strong><strong>Maciej KA\u0179MIERCZAK <\/strong>\u2013 Prevention of terrorist attacks on critical infrastructure on the example of an airport<\/strong><\/a><\/strong><br>DOI: http:\/\/dx.doi.org\/10.29119\/1641-3466.2025.216.13<\/p>\n\n\n\n<p>14. <strong><a href=\"https:\/\/managementpapers.polsl.pl\/wp-content\/uploads\/2025\/03\/216-Koszel-Mazurczak-Str\u0105czkowski.pdf\"><strong><strong>Maciej KOSZEL, Anna MAZURCZAK, \u0141ukasz STR\u0104CZKOWSKI <\/strong>\u2013 Effects of the implementation of selected housing policy instruments in Poland in 2008-2023<\/strong><\/a><\/strong><br>DOI: http:\/\/dx.doi.org\/10.29119\/1641-3466.2025.216.14<\/p>\n\n\n\n<p>15. <strong><a href=\"https:\/\/managementpapers.polsl.pl\/wp-content\/uploads\/2025\/03\/216-Koszel.pdf\"><strong><strong>Maciej KOSZEL <\/strong>\u2013 The contemporary trends of scientific research on ESG and non-financial reporting<\/strong><\/a><\/strong><br>DOI: http:\/\/dx.doi.org\/10.29119\/1641-3466.2025.216.15<\/p>\n\n\n\n<p>16. <strong><a href=\"https:\/\/managementpapers.polsl.pl\/wp-content\/uploads\/2025\/03\/216-Kra\u015bniak-Gorlak.pdf\"><strong><strong>Janusz KRA\u015aNIAK, Szymon GORLAK <\/strong>\u2013 Implementation of teal organization in the sales department of an internet marketing agency \u2013 case study<\/strong><\/a><\/strong><br>DOI: http:\/\/dx.doi.org\/10.29119\/1641-3466.2025.216.16<\/p>\n\n\n\n<p>17. <strong><a href=\"https:\/\/managementpapers.polsl.pl\/wp-content\/uploads\/2025\/03\/216-Litwinek.pdf\"><strong><strong>Justyna LITWINEK <\/strong>\u2013 Human-robot collaboration in the workplace perception of technical and social science students in Poland<\/strong><\/a><\/strong><br>DOI: http:\/\/dx.doi.org\/10.29119\/1641-3466.2025.216.17<\/p>\n\n\n\n<p>18. <strong><a href=\"https:\/\/managementpapers.polsl.pl\/wp-content\/uploads\/2025\/03\/216-\u0141uczak-Senkus.pdf\"><strong><strong>Mi\u0142osz \u0141UCZAK, Piotr J. SENKUS <\/strong>\u2013 Crowdinvesting as a modern form of crowd involvement (preliminary research results)<\/strong><\/a><\/strong><br>DOI: http:\/\/dx.doi.org\/10.29119\/1641-3466.2025.216.18<\/p>\n\n\n\n<p>19. <strong><a href=\"https:\/\/managementpapers.polsl.pl\/wp-content\/uploads\/2025\/03\/216-Machuga.pdf\"><strong><strong>Roman MACHUGA <\/strong>\u2013 Factors influencing applications per spot in higher education: exam results, age, and strategies<\/strong><\/a><\/strong><br>DOI: http:\/\/dx.doi.org\/10.29119\/1641-3466.2025.216.19<\/p>\n\n\n\n<p>20. <strong><a href=\"https:\/\/managementpapers.polsl.pl\/wp-content\/uploads\/2025\/03\/216-Malinowska-P\u0142oska-Chmielewski.pdf\"><strong><strong>Ewa MALINOWSKA, Renata P\u0141OSKA, Mariusz CHMIELEWSKI <\/strong>\u2013 Analysis of the activity of amrest and Mcdonald&#8217;s gastronomic networks as the basis for verification of the sustainable gastronomy model<\/strong><\/a><\/strong><br>DOI: http:\/\/dx.doi.org\/10.29119\/1641-3466.2025.216.20<\/p>\n\n\n\n<p>21. <strong><a href=\"https:\/\/managementpapers.polsl.pl\/wp-content\/uploads\/2025\/03\/216-Marszowski-Jaros\u0142awska-Sob\u00f3r.pdf\"><strong><strong>Ryszard MARSZOWSKI, Sylwia JAROS\u0141AWSKA-SOB\u00d3R <\/strong>\u2013 Forecasting future skills and the internal potential of entrepreneurs in the perspective of mining transformation in Poland and the global labor market megatrend<\/strong><\/a><\/strong><br>DOI: http:\/\/dx.doi.org\/10.29119\/1641-3466.2025.216.21<\/p>\n\n\n\n<p>22. <strong><a href=\"https:\/\/managementpapers.polsl.pl\/wp-content\/uploads\/2025\/03\/216-Mekonnin-Wac\u0142awiak.pdf\"><strong><strong>Abdisa Sisay MEKONNIN, Krzysztof WACLAWIAK <\/strong>\u2013 Investigation of material properties under cryogenic conditions: a review<\/strong><\/a><\/strong><br>DOI: http:\/\/dx.doi.org\/10.29119\/1641-3466.2025.216.22<\/p>\n\n\n\n<p>23. <strong><a href=\"https:\/\/managementpapers.polsl.pl\/wp-content\/uploads\/2025\/03\/216-Michalak-Bartkowiak-Pacholek-Stachowiak-Krzy\u017can.pdf\"><strong><strong>Szymon MICHALAK, Pawe\u0142 BARTKOWIAK, Bogdan PACHO\u0141EK, Magda STACHOWIAK-KRZY\u017bAN <\/strong>\u2013 The impact of socio-demographic factors on consumer attitudes and behaviors towards food consumption \u2013 the case of Poland<\/strong><\/a><\/strong><br>DOI: http:\/\/dx.doi.org\/10.29119\/1641-3466.2025.216.23<\/p>\n\n\n\n<p>24. <strong><a href=\"https:\/\/managementpapers.polsl.pl\/wp-content\/uploads\/2025\/03\/216-Nowak-Remlein.pdf\"><strong><strong>Dariusz NOWAK, Marzena REMLEIN <\/strong>\u2013 Office work automation: implementation, costs, and benefits. A case study<\/strong><\/a><\/strong><br>DOI: http:\/\/dx.doi.org\/10.29119\/1641-3466.2025.216.24<\/p>\n\n\n\n<p>25. <strong><a href=\"https:\/\/managementpapers.polsl.pl\/wp-content\/uploads\/2025\/03\/216-Palicki.pdf\"><strong><strong>S\u0142awomir PALICKI <\/strong>\u2013 Economic and market aspects of cooperative model of housing stock management<\/strong><\/a><\/strong><br>DOI: http:\/\/dx.doi.org\/10.29119\/1641-3466.2025.216.25<\/p>\n\n\n\n<p>26. <strong><a href=\"https:\/\/managementpapers.polsl.pl\/wp-content\/uploads\/2025\/03\/216-Piersiala-Kapler.pdf\"><strong><strong>Luiza PIERSIALA, Monika KAPLER <\/strong>\u2013 Reasons for implementing innovation on the example of small and medium enterprises<\/strong><\/a><\/strong><br>DOI: http:\/\/dx.doi.org\/10.29119\/1641-3466.2025.216.26<\/p>\n\n\n\n<p>27. <strong><a href=\"https:\/\/managementpapers.polsl.pl\/wp-content\/uploads\/2025\/03\/216-Pig\u0142owski.pdf\"><strong><strong>Marcin PIG\u0141OWSKI <\/strong>\u2013 The rapid alert system for food and feed (RASFF). The place in scientific research, limitations and possibilities of data use<\/strong><\/a><\/strong><br>DOI: http:\/\/dx.doi.org\/10.29119\/1641-3466.2025.216.27<\/p>\n\n\n\n<p>28. <strong><a href=\"https:\/\/managementpapers.polsl.pl\/wp-content\/uploads\/2025\/03\/216-Pr\u00f3chniak.pdf\"><strong><strong>Joanna PR\u00d3CHNIAK <\/strong>\u2013 Sustainable organizations \u2013 the state of research based on bibliometric analysis<\/strong><\/a><\/strong><br>DOI: http:\/\/dx.doi.org\/10.29119\/1641-3466.2025.216.28<\/p>\n\n\n\n<p>29. <strong><a href=\"https:\/\/managementpapers.polsl.pl\/wp-content\/uploads\/2025\/03\/216-Przygocka.pdf\"><strong><strong>Izabela PRZYGOCKA <\/strong>\u2013 Rethinking social value creation in organisations: insights from CSV and IVC<\/strong><\/a><\/strong><br>DOI: http:\/\/dx.doi.org\/10.29119\/1641-3466.2025.216.29<\/p>\n\n\n\n<p>30. <strong><a href=\"https:\/\/managementpapers.polsl.pl\/wp-content\/uploads\/2025\/03\/216-Rybi\u0144ski.pdf\"><strong><strong>Krzysztof RYBI\u0143SKI <\/strong>\u2013 Automation of grant application writing with the use of ChatGPT<\/strong><\/a><\/strong><br>DOI: http:\/\/dx.doi.org\/10.29119\/1641-3466.2025.216.30<\/p>\n\n\n\n<p>31. <strong><a href=\"https:\/\/managementpapers.polsl.pl\/wp-content\/uploads\/2025\/03\/216-Sadkowska-Moczyd\u0142owska-Leszczewska-Stawicka.pdf\"><strong><strong>Joanna SADKOWSKA, Joanna M. MOCZYD\u0141OWSKA, Krystyna LESZCZEWSKA, Ewa STAWICKA <\/strong>\u2013 Risk culture in a family business \u2013 moving towards sustainability?<\/strong><\/a><\/strong><br>DOI: http:\/\/dx.doi.org\/10.29119\/1641-3466.2025.216.31<\/p>\n\n\n\n<p>32. <strong><a href=\"https:\/\/managementpapers.polsl.pl\/wp-content\/uploads\/2025\/03\/216-Tyl\u017canowski.pdf\"><strong><strong>Roman TYL\u017bANOWSKI <\/strong>\u2013 The role of chambers of commerce in stimulating economic growth: an academic perspective<\/strong><\/a><\/strong><br>DOI: http:\/\/dx.doi.org\/10.29119\/1641-3466.2025.216.32<\/p>\n\n\n\n<p>33. <strong><a href=\"https:\/\/managementpapers.polsl.pl\/wp-content\/uploads\/2025\/03\/216-Wodnicka-Tartaraj.pdf\"><strong><strong>Monika WODNICKA, Azeta TARTARAJ <\/strong>\u2013 Greenwashing in corporate social responsibility: bibliometric analisis<\/strong><\/a><\/strong><br>DOI: http:\/\/dx.doi.org\/10.29119\/1641-3466.2025.216.33<\/p>\n\n\n\n<p>34. <strong><a href=\"https:\/\/managementpapers.polsl.pl\/wp-content\/uploads\/2025\/04\/216-Wolska-Kizielewicz.pdf\"><strong><strong>Gra\u017cyna WOLSKA, Joanna KIZIELEWICZ <\/strong>\u2013 The importance of the energy sector in building social well-being: challenges of sustainable development and the Polish perspective<\/strong><\/a><\/strong><br>DOI: http:\/\/dx.doi.org\/10.29119\/1641-3466.2025.216.34<\/p>\n\n\n\n<p>35. <strong><a href=\"https:\/\/managementpapers.polsl.pl\/wp-content\/uploads\/2025\/03\/216-Wyciszkiewicz-Gluza.pdf\"><strong><strong>Patrycja WYCISZKIEWICZ, Natalia GLUZA <\/strong>\u2013 Silver generation runners: selected motivations and running event engagement<\/strong><\/a><\/strong><br>DOI: http:\/\/dx.doi.org\/10.29119\/1641-3466.2025.216.35<\/p>\n\n\n\n<p>36. <strong><a href=\"https:\/\/managementpapers.polsl.pl\/wp-content\/uploads\/2025\/03\/216-Zap\u0142ata-Matyjaszczyk.pdf\"><strong><strong>S\u0142awomir ZAP\u0141ATA, Ewa MATYJASZCZYK <\/strong>\u2013 Strengthening organizational resilience \u2013 toward a practical framework<\/strong><\/a><\/strong><br>DOI: http:\/\/dx.doi.org\/10.29119\/1641-3466.2025.216.36<\/p>\n\n\n\n<p>37. <strong><a href=\"https:\/\/managementpapers.polsl.pl\/wp-content\/uploads\/2025\/03\/216-Zdonek-Zdonek-Hysa.pdf\"><strong><strong>Iwona ZDONEK, Dariusz ZDONEK, Beata HYSA <\/strong>\u2013 Analysis of intentions to use the deposit system in Poland \u2013 pilot studies<\/strong><\/a><\/strong><br>DOI: http:\/\/dx.doi.org\/10.29119\/1641-3466.2025.216.37<\/p>\n\n\n\n<p>38. <strong><a href=\"https:\/\/managementpapers.polsl.pl\/wp-content\/uploads\/2025\/03\/216-Zio\u0142o-Luty-Zuzek.pdf\"><strong><strong>Monika ZIO\u0141O, Lidia LUTY, Dagmara K. ZUZEK <\/strong>\u2013 Convergence of changes in the employment structure in the European Union countries<\/strong><\/a><\/strong><br>DOI: http:\/\/dx.doi.org\/10.29119\/1641-3466.2025.216.38<\/p>\n\n\n\n<p>39. <strong><a href=\"https:\/\/managementpapers.polsl.pl\/wp-content\/uploads\/2025\/03\/216-\u017bywio\u0142ek.pdf\"><strong><strong>Justyna \u017bYWIO\u0141EK <\/strong>\u2013 Continuous improvement: leveraging data security in Industry 4.0 settings<\/strong><\/a><\/strong><br>DOI: http:\/\/dx.doi.org\/10.29119\/1641-3466.2025.216.39<\/p>\n","protected":false},"excerpt":{"rendered":"<p>Click Here To Download Full Issue No. 216 1. Saleh Md ARMAN \u2013 A bibliometric analysis of the theory of planned behavior in the circular economyDOI: http:\/\/dx.doi.org\/10.29119\/1641-3466.2025.216.1 2. Jonasz B\u0141ASZCZYK, Piotr BARTKOWIAK \u2013 Social housing in Vienna as a possible direction of changes in the social housing sector in PolandDOI: http:\/\/dx.doi.org\/10.29119\/1641-3466.2025.216.2 3. Mateusz BYCZYK \u2013 [&hellip;]<\/p>\n","protected":false},"author":1,"featured_media":0,"parent":0,"menu_order":0,"comment_status":"closed","ping_status":"closed","template":"","meta":{"footnotes":""},"class_list":["post-6576","page","type-page","status-publish","hentry"],"_links":{"self":[{"href":"https:\/\/managementpapers.polsl.pl\/index.php?rest_route=\/wp\/v2\/pages\/6576","targetHints":{"allow":["GET"]}}],"collection":[{"href":"https:\/\/managementpapers.polsl.pl\/index.php?rest_route=\/wp\/v2\/pages"}],"about":[{"href":"https:\/\/managementpapers.polsl.pl\/index.php?rest_route=\/wp\/v2\/types\/page"}],"author":[{"embeddable":true,"href":"https:\/\/managementpapers.polsl.pl\/index.php?rest_route=\/wp\/v2\/users\/1"}],"replies":[{"embeddable":true,"href":"https:\/\/managementpapers.polsl.pl\/index.php?rest_route=%2Fwp%2Fv2%2Fcomments&post=6576"}],"version-history":[{"count":12,"href":"https:\/\/managementpapers.polsl.pl\/index.php?rest_route=\/wp\/v2\/pages\/6576\/revisions"}],"predecessor-version":[{"id":6948,"href":"https:\/\/managementpapers.polsl.pl\/index.php?rest_route=\/wp\/v2\/pages\/6576\/revisions\/6948"}],"wp:attachment":[{"href":"https:\/\/managementpapers.polsl.pl\/index.php?rest_route=%2Fwp%2Fv2%2Fmedia&parent=6576"}],"curies":[{"name":"wp","href":"https:\/\/api.w.org\/{rel}","templated":true}]}}