{"id":3285,"date":"2023-07-25T12:12:58","date_gmt":"2023-07-25T10:12:58","guid":{"rendered":"https:\/\/managementpapers.polsl.pl\/?page_id=3285"},"modified":"2023-08-25T09:30:16","modified_gmt":"2023-08-25T07:30:16","slug":"scientific-papers-of-silesian-university-of-technology-organization-and-management-series-issue-no-175","status":"publish","type":"page","link":"https:\/\/managementpapers.polsl.pl\/?page_id=3285","title":{"rendered":"Scientific Papers of Silesian University of Technology \u2013 Organization and Management Series \u2013 Issue No. 175"},"content":{"rendered":"\n<p class=\"has-text-align-center\"><a href=\"https:\/\/managementpapers.polsl.pl\/wp-content\/uploads\/2023\/08\/ZN175.pdf\"><strong>Click Here To Download Full Issue No. 175<\/strong><\/a><\/p>\n\n\n\n<p>1. <strong><strong>Aleksandra BARTOSIEWICZ, Rados\u0142aw JADCZAK<\/strong><\/strong> \u2013 <a href=\"https:\/\/managementpapers.polsl.pl\/wp-content\/uploads\/2023\/07\/175-Bartosiewicz-Jadczak.pdf\">Multicriteria evaluation of competitiveness of container terminals in the Baltic Sea region<\/a><br>DOI: http:\/\/dx.doi.org\/10.29119\/1641-3466.2023.175.1<\/p>\n\n\n\n<p>2. <strong><strong>Marlena A. BEDNARSKA, Pawe\u0142 \u0141UKA<\/strong> <\/strong>\u2013 <a href=\"https:\/\/managementpapers.polsl.pl\/wp-content\/uploads\/2023\/07\/175-Bednarska-\u0141uka.pdf\">Service sabotage: an examination of selected antecedent and outcome variables in high-contact organizations<\/a><br>DOI: http:\/\/dx.doi.org\/10.29119\/1641-3466.2023.175.2<\/p>\n\n\n\n<p>3. <strong><strong>Robert B\u0118BEN, Anna M\u0141YNKOWIAK-STAWARZ<\/strong><\/strong> <a>\u2013<\/a> <a href=\"https:\/\/managementpapers.polsl.pl\/wp-content\/uploads\/2023\/07\/175-B\u0119ben-M\u0142ynkowiak-Stawarz.pdf\">Attitudes of visitors towards Christmas lighting at the Christmas market in the face of the energy and climate crisis<\/a><br>DOI: http:\/\/dx.doi.org\/10.29119\/1641-3466.2023.175.3<\/p>\n\n\n\n<p>4. <strong><strong>Ewa BILEWICZ<\/strong><\/strong> \u2013 <a href=\"https:\/\/managementpapers.polsl.pl\/wp-content\/uploads\/2023\/07\/175-Bilewicz.pdf\">Poland\u2019s current account: the role of investment income balance<\/a><br>DOI: http:\/\/dx.doi.org\/10.29119\/1641-3466.2023.175.4<\/p>\n\n\n\n<p>5. <strong><strong>Jakub DO\u0143SKI-LESIUK<\/strong><\/strong> \u2013 <a href=\"https:\/\/managementpapers.polsl.pl\/wp-content\/uploads\/2023\/07\/175-Do\u0144ski-Lesiuk.pdf\">The development of professional experiences and social competences of students at the Expo 2020 Dubai<\/a><br>DOI: http:\/\/dx.doi.org\/10.29119\/1641-3466.2023.175.5<\/p>\n\n\n\n<p>6. <strong><strong>Dorota DOLI\u0143SKA-WERY\u0143SKA<\/strong><\/strong> \u2013 <a href=\"https:\/\/managementpapers.polsl.pl\/wp-content\/uploads\/2023\/08\/175-Doli\u0144ska-Wery\u0144ska.pdf\">Limitations on the activities of senior non-governmental organizations in Upper Silesia. Analysis of focus group interviews<\/a><br>DOI: http:\/\/dx.doi.org\/10.29119\/1641-3466.2023.175.6<\/p>\n\n\n\n<p>7. <strong><strong>Daniela FOBELOV\u00c1, Tom\u00e1\u0161 FORGON<\/strong><\/strong> \u2013 <a href=\"https:\/\/managementpapers.polsl.pl\/wp-content\/uploads\/2023\/07\/175-Fobelova-Forgon.pdf\">Ethical-theoretical recommendations for the area of case studies of new technologies<\/a><br>DOI: http:\/\/dx.doi.org\/10.29119\/1641-3466.2023.175.7<\/p>\n\n\n\n<p>8. <strong><strong>Pawe\u0142 GALI\u0143SKI<\/strong> <\/strong>\u2013 <a href=\"https:\/\/managementpapers.polsl.pl\/wp-content\/uploads\/2023\/07\/175-Gali\u0144ski.pdf\">Impact of fiscal and non-fiscal factors on the municipal debt: the case of Wielkopolska region in Poland<\/a><br>DOI: http:\/\/dx.doi.org\/10.29119\/1641-3466.2023.175.8<\/p>\n\n\n\n<p>9. <strong><strong>Piotr GRUDOWSKI, Ma\u0142gorzata Z. WI\u015aNIEWSKA<\/strong><\/strong> \u2013 <a href=\"https:\/\/managementpapers.polsl.pl\/wp-content\/uploads\/2023\/07\/175-Grudowski-Wi\u015bniewska.pdf\">Irregularities in university processes concerning the Lean Management typology. The pilot study results<\/a><br>DOI: http:\/\/dx.doi.org\/10.29119\/1641-3466.2023.175.9<\/p>\n\n\n\n<p>10. <strong><strong>Lena GRZESIAK<\/strong> <\/strong>\u2013 <a href=\"https:\/\/managementpapers.polsl.pl\/wp-content\/uploads\/2023\/07\/175-Grzesiak.pdf\">An adversary or an ally? Perceptions of internal auditors. A narrative analysis<\/a><br>DOI: http:\/\/dx.doi.org\/10.29119\/1641-3466.2023.175.10<\/p>\n\n\n\n<p>11. <strong><strong>Katarzyna HYS, Dominika Barbara MATUSZEK, Krzysztof OLEJNIK, Karol BIERCZY\u0143SKI<\/strong><\/strong> \u2013 <a href=\"https:\/\/managementpapers.polsl.pl\/wp-content\/uploads\/2023\/07\/175-Hys-Matuszek-Olejnik-Bierczy\u0144ski.pdf\">Investigation procedure regarding the introduction of dietary supplements into the market in Poland<\/a><br>DOI: http:\/\/dx.doi.org\/10.29119\/1641-3466.2023.175.11<\/p>\n\n\n\n<p>12. <strong><strong>Marcin JAKUBIEC<\/strong> <\/strong>\u2013 <a href=\"https:\/\/managementpapers.polsl.pl\/wp-content\/uploads\/2023\/07\/175-Jakubiec.pdf\">Selected issues of using Lean Management in university management<\/a><br>DOI: http:\/\/dx.doi.org\/10.29119\/1641-3466.2023.175.12<\/p>\n\n\n\n<p>13. <strong><strong>Karolina J\u0104DERKO-SKUBIS, Pawe\u0142 ZAWARTKA, Mariusz KRUCZEK<\/strong><\/strong> <strong>\u2013 <\/strong><a href=\"https:\/\/managementpapers.polsl.pl\/wp-content\/uploads\/2023\/07\/175-J\u0105derko-Skubis-Zawartka-Kruczek.pdf\">Challenges in the area of green economy and green transformation in regard to the development of environmental technologies<\/a><br>DOI: http:\/\/dx.doi.org\/10.29119\/1641-3466.2023.175.13<\/p>\n\n\n\n<p>14. <strong><strong>Waldemar J\u0118DRZEJCZYK, Agnieszka KULEJ<\/strong><\/strong> \u2013 <a href=\"https:\/\/managementpapers.polsl.pl\/wp-content\/uploads\/2023\/07\/175-J\u0119drzejczyk-Kulej.pdf\">The startupper persona in the Polish economic practice \u2013 definition based on own research<\/a><br>DOI: http:\/\/dx.doi.org\/10.29119\/1641-3466.2023.175.14<\/p>\n\n\n\n<p>15. <strong><strong>Anna KOSIERADZKA, Justyna SMAGOWICZ, Cezary SZWED<\/strong><\/strong> \u2013 <a href=\"https:\/\/managementpapers.polsl.pl\/wp-content\/uploads\/2023\/07\/175-Kosieradzka-Smagowicz-Szwed.pdf\">Using automatization and digitization measures to support business continuity of enterprises in the Covid-19 pandemic<\/a><br>DOI: http:\/\/dx.doi.org\/10.29119\/1641-3466.2023.175.15<\/p>\n\n\n\n<p>16. <strong><strong>Ma\u0142gorzata LESZCZY\u0143SKA, Katarzyna PUCHALSKA<\/strong> <\/strong>\u2013 <a href=\"https:\/\/managementpapers.polsl.pl\/wp-content\/uploads\/2023\/07\/175-Leszczy\u0144ska-Puchalska.pdf\">Impact of the pandemic crisis on international entrepreneurship<\/a><br>DOI: http:\/\/dx.doi.org\/10.29119\/1641-3466.2023.175.16<\/p>\n\n\n\n<p>17. <strong><strong>Lidia LUTY, Monika ZIO\u0141O<\/strong><\/strong> \u2013 <a href=\"https:\/\/managementpapers.polsl.pl\/wp-content\/uploads\/2023\/07\/175-Luty-Zio\u0142o.pdf\">The market of educational services for seniors on the example of the offer of Universities of the Third Age<\/a><br>DOI: http:\/\/dx.doi.org\/10.29119\/1641-3466.2023.175.17<\/p>\n\n\n\n<p>18. <strong><strong>Katarzyna \u0141UKASIK-STACHOWIAK<\/strong><\/strong> \u2013 <a href=\"https:\/\/managementpapers.polsl.pl\/wp-content\/uploads\/2023\/07\/175-\u0141ukasik-Stachowiak.pdf\">Artificial Intelligence (AI) in CRM \u2013 possibility of effective integration, opportunities and threats<\/a><br>DOI: http:\/\/dx.doi.org\/10.29119\/1641-3466.2023.175.18<\/p>\n\n\n\n<p>19. <strong><strong>Monika MARCINIEC, Karina MARCINIEC, Zuzanna SZCZYPI\u0143SKA<\/strong> \u2013 <\/strong><a href=\"https:\/\/managementpapers.polsl.pl\/wp-content\/uploads\/2023\/07\/175-Marciniec-Marciniec-Szczypi\u0144ska.pdf\">Legal and psychological aspects of human resources management in hospitals<\/a><br>DOI: http:\/\/dx.doi.org\/10.29119\/1641-3466.2023.175.19<\/p>\n\n\n\n<p>20. <strong><strong>Izabela MARSZA\u0141EK-KOTZUR<\/strong> \u2013<\/strong> <a href=\"https:\/\/managementpapers.polsl.pl\/wp-content\/uploads\/2023\/07\/175-Marsza\u0142ek-Kotzur.pdf\">Environmental sustainability and energy management during the war crisis<\/a><br>DOI: http:\/\/dx.doi.org\/10.29119\/1641-3466.2023.175.20<\/p>\n\n\n\n<p>21. <strong><strong>Anna MARYNIAK, Pawe\u0142 KLIBER, Katarzyna POGORZELEC-GLASER<\/strong><\/strong> <strong>\u2013 <\/strong><a href=\"https:\/\/managementpapers.polsl.pl\/wp-content\/uploads\/2023\/07\/175-Maryniak-Kliber-Pogorzelec-Glaser.pdf\">Gresilient supply chain \u2013 a case study of global flows<\/a><br>DOI: http:\/\/dx.doi.org\/10.29119\/1641-3466.2023.175.21<\/p>\n\n\n\n<p>22. <strong><strong><strong>Micha\u0142 MOLENDA<\/strong><\/strong> <\/strong>\u2013 <a href=\"https:\/\/managementpapers.polsl.pl\/wp-content\/uploads\/2023\/07\/175-Molenda.pdf\">Evaluation of quality policy of selected companies in the context of quality management independence<\/a><br>DOI: http:\/\/dx.doi.org\/10.29119\/1641-3466.2023.175.22<\/p>\n\n\n\n<p>23. <strong><strong><strong>Katarzyna OLEJNICZAK-SZUSTER<\/strong><\/strong><\/strong> \u2013 <a href=\"https:\/\/managementpapers.polsl.pl\/wp-content\/uploads\/2023\/07\/175-Olejniczak-Szuster.pdf\">The impact of Covid-19 on the pro-social activity of small and medium companies<\/a><br>DOI: http:\/\/dx.doi.org\/10.29119\/1641-3466.2023.175.23<\/p>\n\n\n\n<p>24. <strong><strong><strong>Szymon PAWLAK<\/strong><\/strong> <\/strong>\u2013 <a href=\"https:\/\/managementpapers.polsl.pl\/wp-content\/uploads\/2023\/07\/175-Pawlak.pdf\">Analysis of the impact of selected Lean Manufacturing tools on the parameters of the production process \u2013 case study<\/a><br>DOI: http:\/\/dx.doi.org\/10.29119\/1641-3466.2023.175.24<\/p>\n\n\n\n<p>25. <strong><strong>Katarzyna PUSZKO<\/strong><\/strong> \u2013 <a href=\"https:\/\/managementpapers.polsl.pl\/wp-content\/uploads\/2023\/07\/175-Puszko-1.pdf\">Leadership in point of view of effectivity<\/a><br>DOI: http:\/\/dx.doi.org\/10.29119\/1641-3466.2023.175.25<\/p>\n\n\n\n<p>26. <strong><strong>Katarzyna PUSZKO<\/strong> <\/strong>\u2013 <a href=\"https:\/\/managementpapers.polsl.pl\/wp-content\/uploads\/2023\/07\/175-Puszko-2.pdf\">Value as the basis for effective leadership<\/a><br>DOI: http:\/\/dx.doi.org\/10.29119\/1641-3466.2023.175.26<\/p>\n\n\n\n<p>27. <strong><strong>Sebastian SANIUK<\/strong><\/strong> <a>\u2013<\/a> <a href=\"https:\/\/managementpapers.polsl.pl\/wp-content\/uploads\/2023\/07\/175-Saniuk.pdf\">Planning algorithms for cyber-physical production networks in the Industry 4.0 environment<\/a><br>DOI: http:\/\/dx.doi.org\/10.29119\/1641-3466.2023.175.27<\/p>\n\n\n\n<p>28. <strong><strong>Marta SIKORSKA<\/strong><\/strong> \u2013 <a href=\"https:\/\/managementpapers.polsl.pl\/wp-content\/uploads\/2023\/07\/175-Sikorska.pdf\">Digitalization in Polish medical entities \u2013 responsibilities, benefits and barriers \u2013 a case study<\/a><br>DOI: http:\/\/dx.doi.org\/10.29119\/1641-3466.2023.175.28<\/p>\n\n\n\n<p>29. <strong><strong>Bartosz SOBOTKA, Krzysztof Jan LEONIAK, Rafa\u0142 MUDA, Damian HAMERSKI, Micha\u0142 K\u0118DRA<\/strong> \u2013<\/strong> <a href=\"https:\/\/managementpapers.polsl.pl\/wp-content\/uploads\/2023\/07\/175-Sobotka-Leoniak-Muda-Hamerski-K\u0119dra.pdf\">Automation from the perspective of modern services sector in Poland<\/a><br>DOI: http:\/\/dx.doi.org\/10.29119\/1641-3466.2023.175.29<\/p>\n\n\n\n<p>30. <strong><strong>Miros\u0142aw SO\u0141TYSIAK, Dariusz ZAJ\u0104C<\/strong><\/strong> <strong>\u2013 <\/strong><a href=\"https:\/\/managementpapers.polsl.pl\/wp-content\/uploads\/2023\/08\/175-So\u0142tysiak-Zaj\u0105c-1.pdf\">Changes in the financial situation of cities with powiat rights in Poland in the years 2010-2021<\/a><br>DOI: http:\/\/dx.doi.org\/10.29119\/1641-3466.2023.175.30<\/p>\n\n\n\n<p>31. <strong><strong>Miros\u0142aw SO\u0141TYSIAK, Dariusz ZAJ\u0104C<\/strong> <\/strong>\u2013 <a href=\"https:\/\/managementpapers.polsl.pl\/wp-content\/uploads\/2023\/08\/175-So\u0142tysiak-Zaj\u0105c-2.pdf\">Endogenic conditions for the development of non-agricultural economic activities in rural communities of eastern and western regions of Poland<\/a><br>DOI: http:\/\/dx.doi.org\/10.29119\/1641-3466.2023.175.31<\/p>\n\n\n\n<p>32. <strong><strong>Ewa SPIGARSKA, Ewa MAJEROWSKA<\/strong><\/strong> \u2013 <a href=\"https:\/\/managementpapers.polsl.pl\/wp-content\/uploads\/2023\/07\/175-Spigarska-Majerowska.pdf\">Investment activities of insurance companies operating in Visegrad Group countries \u2013 theoretical and empirical approach<\/a><br>DOI: http:\/\/dx.doi.org\/10.29119\/1641-3466.2023.175.32<\/p>\n\n\n\n<p>33. <strong><strong>Marcin STANIEK<\/strong> <\/strong>\u2013 <a href=\"https:\/\/managementpapers.polsl.pl\/wp-content\/uploads\/2023\/07\/175-Staniek.pdf\">Support system of mountain travels for people with disabilities<\/a><br>DOI: http:\/\/dx.doi.org\/10.29119\/1641-3466.2023.175.33<\/p>\n\n\n\n<p>34. <strong><strong>Piotr SZAMROWSKI<\/strong><\/strong> \u2013 <a href=\"https:\/\/managementpapers.polsl.pl\/wp-content\/uploads\/2023\/07\/175-Szamrowski.pdf\">How the type of public benefit work in nonprofit organizations influences social media presence: an example from Facebook<\/a><br>DOI: http:\/\/dx.doi.org\/10.29119\/1641-3466.2023.175.34<\/p>\n\n\n\n<p>35. <strong><strong>Katarzyna \u015aWIETLA, Joanna TOBOREK-MAZUR<\/strong> <\/strong>\u2013 <a href=\"https:\/\/managementpapers.polsl.pl\/wp-content\/uploads\/2023\/07\/175-\u015awietla-Toborek-Mazur.pdf\">Outsource manufacturing in accounting records<\/a><br>DOI: http:\/\/dx.doi.org\/10.29119\/1641-3466.2023.175.35<\/p>\n\n\n\n<p>36. <strong><strong>Maciej WALCZAK, Bernard ZI\u0118BICKI, Ma\u0142gorzata TYRA\u0143SKA, Tomasz KAFEL<\/strong><\/strong> <a>\u2013<\/a> <a href=\"https:\/\/managementpapers.polsl.pl\/wp-content\/uploads\/2023\/07\/175-Walczak.-Zi\u0119bicki-Tyra\u0144ska-Kafel.pdf\">Employers&#8217; expectations of hard and soft competencies of economics graduates<\/a><br>DOI: http:\/\/dx.doi.org\/10.29119\/1641-3466.2023.175.36<\/p>\n\n\n\n<p>37. <strong><strong>Mariola WIATER, Jakub BARTAK<\/strong><\/strong> \u2013 <a href=\"https:\/\/managementpapers.polsl.pl\/wp-content\/uploads\/2023\/07\/175-Wiater-Bartak.pdf\">Employing neurodiverse people analysis of management&#8217;s opinions<\/a><br>DOI: http:\/\/dx.doi.org\/10.29119\/1641-3466.2023.175.37<\/p>\n\n\n\n<p>38. <strong><strong>Jacek WITKOWSKI<\/strong> <\/strong>\u2013 <a href=\"https:\/\/managementpapers.polsl.pl\/wp-content\/uploads\/2023\/07\/175-Witkowski.pdf\">The use of the tax on means of transport as an instrument affecting the number of electric and hybrid vehicles \u2013 a case study<\/a><br>DOI: http:\/\/dx.doi.org\/10.29119\/1641-3466.2023.175.38<\/p>\n\n\n\n<p>39. <strong><strong>Rados\u0142aw WOLNIAK, Bo\u017cena GAJDZIK, Wes GREBSKI<\/strong><\/strong> \u2013 <a href=\"https:\/\/managementpapers.polsl.pl\/wp-content\/uploads\/2023\/07\/175-Wolniak-Gajdzik-Grebski.pdf\">Environmental sustainability in business<\/a><br>DOI: http:\/\/dx.doi.org\/10.29119\/1641-3466.2023.175.39<\/p>\n\n\n\n<p>40. <strong><strong>Rados\u0142aw WOLNIAK, Wes GREBSKI<\/strong> <\/strong>\u2013 <a href=\"https:\/\/managementpapers.polsl.pl\/wp-content\/uploads\/2023\/07\/175-Wolniak-Grebski-1.pdf\">Functioning of predictive analytics in business<\/a><br>DOI: http:\/\/dx.doi.org\/10.29119\/1641-3466.2023.175.40<\/p>\n\n\n\n<p>41. <strong><strong>Rados\u0142aw WOLNIAK, Wes GREBSKI<\/strong><\/strong> <a>\u2013<\/a> <a href=\"https:\/\/managementpapers.polsl.pl\/wp-content\/uploads\/2023\/07\/175-Wolniak-Grebski-2.pdf\">The concept of diagnostic analytics<\/a><br>DOI: http:\/\/dx.doi.org\/10.29119\/1641-3466.2023.175.41<\/p>\n\n\n\n<p>42. <strong><strong>Aneta WYSOKI\u0143SKA-SENKUS, Krystian LECHA\u0143SKI, Jakub MALINOWSKI<\/strong><\/strong> \u2013 <a href=\"https:\/\/managementpapers.polsl.pl\/wp-content\/uploads\/2023\/07\/175-Wysoki\u0144ska-Senkus-Lecha\u0144ski-Malinowski.pdf\">Systemic business continuity management in the process of building the organization&#8217;s resilience and improving its security. Experience of the organization in Poland<\/a><br>DOI: http:\/\/dx.doi.org\/10.29119\/1641-3466.2023.175.42<\/p>\n\n\n\n<p>43. <strong><strong>Jerzy \u017bUCHOWSKI, Aleksander LOTKO, Ma\u0142gorzata LOTKO, Magdalena PA\u0179DZIOR<\/strong><\/strong> <a>\u2013<\/a> <a href=\"https:\/\/managementpapers.polsl.pl\/wp-content\/uploads\/2023\/07\/175-\u017buchowski-Lotko-Lotko-Pa\u017adzior.pdf\">Impact of consumers\u2019 awareness concerning eco-labelling on their behavior. A proof based on literature review<\/a><br>DOI: http:\/\/dx.doi.org\/10.29119\/1641-3466.2023.175.43<\/p>\n","protected":false},"excerpt":{"rendered":"<p>Click Here To Download Full Issue No. 175 1. Aleksandra BARTOSIEWICZ, Rados\u0142aw JADCZAK \u2013 Multicriteria evaluation of competitiveness of container terminals in the Baltic Sea regionDOI: http:\/\/dx.doi.org\/10.29119\/1641-3466.2023.175.1 2. Marlena A. BEDNARSKA, Pawe\u0142 \u0141UKA \u2013 Service sabotage: an examination of selected antecedent and outcome variables in high-contact organizationsDOI: http:\/\/dx.doi.org\/10.29119\/1641-3466.2023.175.2 3. Robert B\u0118BEN, Anna M\u0141YNKOWIAK-STAWARZ \u2013 Attitudes [&hellip;]<\/p>\n","protected":false},"author":2,"featured_media":0,"parent":0,"menu_order":0,"comment_status":"closed","ping_status":"closed","template":"","meta":{"footnotes":""},"class_list":["post-3285","page","type-page","status-publish","hentry"],"_links":{"self":[{"href":"https:\/\/managementpapers.polsl.pl\/index.php?rest_route=\/wp\/v2\/pages\/3285","targetHints":{"allow":["GET"]}}],"collection":[{"href":"https:\/\/managementpapers.polsl.pl\/index.php?rest_route=\/wp\/v2\/pages"}],"about":[{"href":"https:\/\/managementpapers.polsl.pl\/index.php?rest_route=\/wp\/v2\/types\/page"}],"author":[{"embeddable":true,"href":"https:\/\/managementpapers.polsl.pl\/index.php?rest_route=\/wp\/v2\/users\/2"}],"replies":[{"embeddable":true,"href":"https:\/\/managementpapers.polsl.pl\/index.php?rest_route=%2Fwp%2Fv2%2Fcomments&post=3285"}],"version-history":[{"count":13,"href":"https:\/\/managementpapers.polsl.pl\/index.php?rest_route=\/wp\/v2\/pages\/3285\/revisions"}],"predecessor-version":[{"id":3453,"href":"https:\/\/managementpapers.polsl.pl\/index.php?rest_route=\/wp\/v2\/pages\/3285\/revisions\/3453"}],"wp:attachment":[{"href":"https:\/\/managementpapers.polsl.pl\/index.php?rest_route=%2Fwp%2Fv2%2Fmedia&parent=3285"}],"curies":[{"name":"wp","href":"https:\/\/api.w.org\/{rel}","templated":true}]}}