{"id":2635,"date":"2022-12-30T16:57:09","date_gmt":"2022-12-30T15:57:09","guid":{"rendered":"https:\/\/managementpapers.polsl.pl\/?page_id=2635"},"modified":"2023-01-02T12:51:58","modified_gmt":"2023-01-02T11:51:58","slug":"scientific-papers-of-silesian-university-of-technology-organization-and-management-series-issue-no-165","status":"publish","type":"page","link":"https:\/\/managementpapers.polsl.pl\/?page_id=2635","title":{"rendered":"Scientific Papers of Silesian University of Technology \u2013 Organization and Management Series \u2013 Issue No. 165"},"content":{"rendered":"\n<p><strong>Scientific Papers of Silesian University of Technology &#8211; Organization and Management Series &#8211; Issue No. 165<\/strong><\/p>\n\n\n\n<p class=\"has-text-align-center\"><a href=\"https:\/\/managementpapers.polsl.pl\/wp-content\/uploads\/2023\/01\/ZN165.pdf\">Click Here To Download Full Issue No. 165<\/a><\/p>\n\n\n\n<p class=\"has-text-align-center\"><a href=\"https:\/\/managementpapers.polsl.pl\/wp-content\/uploads\/2022\/12\/165-Wprowadzenie.pdf\">Foreword<br><\/a><a href=\"https:\/\/managementpapers.polsl.pl\/wp-content\/uploads\/2022\/12\/165-wk\u0142adka.pdf\">Insert<\/a><br><a href=\"https:\/\/managementpapers.polsl.pl\/wp-content\/uploads\/2022\/12\/165-spis-tre\u015bci-angielski.pdf\">Table of contents<\/a><br><a href=\"https:\/\/managementpapers.polsl.pl\/wp-content\/uploads\/2022\/12\/165-Wykaz-recenzent\u00f3w.pdf\">List of reviewers<\/a><\/p>\n\n\n\n<p>1. <strong><strong><strong><strong><strong>Michal BOCZEK<\/strong><\/strong><\/strong> <\/strong><\/strong>\u2013 <a href=\"https:\/\/managementpapers.polsl.pl\/wp-content\/uploads\/2022\/12\/165-Boczek.pdf\">Copyright \u2013 protection of intelligent man or artificial intelligence?<\/a> (page 7)<br>DOI: http:\/\/dx.doi.org\/10.29119\/1641-3466.2022.165.1<\/p>\n\n\n\n<p>2. <strong><strong><strong><strong><strong><strong>Ma\u0142gorzata CHRZANOWSKA-GANCARZ<\/strong><\/strong><\/strong><\/strong><\/strong> <\/strong>\u2013 <a href=\"https:\/\/managementpapers.polsl.pl\/wp-content\/uploads\/2022\/12\/165-Chrzanowska-Gancarz.pdf\">The dark side of the Internet and the ontological sense of safety<\/a> (page 21)<br>DOI: http:\/\/dx.doi.org\/10.29119\/1641-3466.2022.165.2<\/p>\n\n\n\n<p>3. <strong><strong><strong><strong><strong><strong>Waldemar CZAJKOWSKI<\/strong><\/strong><\/strong><\/strong><\/strong><\/strong> <a>\u2013<\/a> <a href=\"https:\/\/managementpapers.polsl.pl\/wp-content\/uploads\/2022\/12\/165-Czajkowski.pdf\">Introductory remarks on ontology of technology<\/a> (page 33)<br>DOI: http:\/\/dx.doi.org\/10.29119\/1641-3466.2022.165.3<\/p>\n\n\n\n<p>4. <strong><strong><strong><strong><strong><strong>Piotr CZAKON<\/strong><\/strong><\/strong><\/strong><\/strong><\/strong> \u2013 <a href=\"https:\/\/managementpapers.polsl.pl\/wp-content\/uploads\/2022\/12\/165-Czakon.pdf\">Academic potential of Polish cities. From centres of advantage to centres of vulnerability<\/a> (page 53)<br>DOI: http:\/\/dx.doi.org\/10.29119\/1641-3466.2022.165.4<\/p>\n\n\n\n<p>5. <strong><strong><strong><strong><strong><strong>Barbara GRZYB<\/strong><\/strong><\/strong><\/strong><\/strong> <\/strong>\u2013 <a href=\"https:\/\/managementpapers.polsl.pl\/wp-content\/uploads\/2022\/12\/165-Grzyb.pdf\">Quality in education \u2013 success of management or system. Theoretical considerations<\/a> (page 67)<br>DOI: http:\/\/dx.doi.org\/10.29119\/1641-3466.2022.165.5<\/p>\n\n\n\n<p>6. <strong><strong><strong><strong><strong><strong>Bart\u0142omiej KNOSALA<\/strong><\/strong><\/strong><\/strong><\/strong><\/strong> \u2013 <a href=\"https:\/\/managementpapers.polsl.pl\/wp-content\/uploads\/2022\/12\/165-Knosala.pdf\">Industry 4.0 and the limitations of rhetoric of techno-optimism in Polish popular science discourse<\/a> (page 79)<br>DOI: http:\/\/dx.doi.org\/10.29119\/1641-3466.2022.165.6<\/p>\n\n\n\n<p>7. <strong><strong><strong><strong><strong><strong>Grzegorz KOPIJ<\/strong><\/strong><\/strong><\/strong><\/strong><\/strong> \u2013 <a href=\"https:\/\/managementpapers.polsl.pl\/wp-content\/uploads\/2022\/12\/165-Kopij.pdf\">The role of the health and safety service in shaping the culture of occupational health and safety in the enterprise<\/a> (page 89)<br>DOI: http:\/\/dx.doi.org\/10.29119\/1641-3466.2022.165.7<\/p>\n\n\n\n<p>8. <strong><strong><strong><strong><strong><strong>Dariusz KRAWCZYK<\/strong><\/strong><\/strong><\/strong><\/strong> <\/strong>\u2013 <a href=\"https:\/\/managementpapers.polsl.pl\/wp-content\/uploads\/2022\/12\/165-Krawczyk-1.pdf\">Implementation of Smart City projects on the example of activities prepared by the local government and subordinate units<\/a> (page 103)<br>DOI: http:\/\/dx.doi.org\/10.29119\/1641-3466.2022.165.8<\/p>\n\n\n\n<p>9. <strong><strong><strong><strong><strong><strong>Dariusz KRAWCZYK<\/strong><\/strong><\/strong><\/strong><\/strong><\/strong> \u2013 <a href=\"https:\/\/managementpapers.polsl.pl\/wp-content\/uploads\/2022\/12\/165-Krawczyk-2.pdf\">The importance of Facebook profile management in communication activities of local government. Case study in Poland<\/a> (page 117)<br>DOI: http:\/\/dx.doi.org\/10.29119\/1641-3466.2022.165.9<\/p>\n\n\n\n<p>10. <strong><strong><strong><strong><strong><strong>Henryk A. KRETEK, Janusz DWORAK<\/strong><\/strong><\/strong><\/strong><\/strong> <\/strong>\u2013 <a href=\"https:\/\/managementpapers.polsl.pl\/wp-content\/uploads\/2022\/12\/165-Kretek-Dworak.pdf\">Thought experiment as a form of initiating and supporting innovation research<\/a> (page 131)<br>DOI: http:\/\/dx.doi.org\/10.29119\/1641-3466.2022.165.10<\/p>\n\n\n\n<p>11. <strong><strong><strong><strong><strong><strong>Henryk A. KRETEK<\/strong><\/strong><\/strong><\/strong><\/strong><\/strong> \u2013 <a href=\"https:\/\/managementpapers.polsl.pl\/wp-content\/uploads\/2023\/01\/165-Kretek.pdf\">Current assumptions of the European Union&#8217;s energy and climate policy in the aspect of opportunities and threats<\/a> (page 149)<br>DOI: http:\/\/dx.doi.org\/10.29119\/1641-3466.2022.165.11<\/p>\n\n\n\n<p>12. <strong><strong><strong><strong><strong><strong>Aleksandra KUZIOR, Inna BALAHUROVSKA<\/strong><\/strong><\/strong><\/strong><\/strong> <\/strong>\u2013 <a href=\"https:\/\/managementpapers.polsl.pl\/wp-content\/uploads\/2022\/12\/165-Kuzior-Balahurovska.pdf\">Interaction between the manager and the hidden informal leader<\/a> (page 173)<br>DOI: http:\/\/dx.doi.org\/10.29119\/1641-3466.2022.165.12<\/p>\n\n\n\n<p>13. <strong><strong><strong><strong><strong><strong>Izabela MARSZA\u0141EK-KOTZUR<\/strong><\/strong><\/strong><\/strong><\/strong> \u2013 <\/strong><a href=\"https:\/\/managementpapers.polsl.pl\/wp-content\/uploads\/2022\/12\/165-Marsza\u0142ek-Kotzur.pdf\">Ethical perspective of the development and use of modern military technologies<\/a> (page 183)<br>DOI: http:\/\/dx.doi.org\/10.29119\/1641-3466.2022.165.13<\/p>\n\n\n\n<p>14. <strong><strong><strong><strong><strong><strong>Aldona MUSIA\u0141-KIDAWA<\/strong><\/strong><\/strong><\/strong><\/strong><\/strong> \u2013 <a href=\"https:\/\/managementpapers.polsl.pl\/wp-content\/uploads\/2022\/12\/165-Musia\u0142-Kidawa.pdf\">Whether artificial intelligence is intelligent. Philosophical dilemmas<\/a> (page 199)<br>DOI: http:\/\/dx.doi.org\/10.29119\/1641-3466.2022.165.14<\/p>\n\n\n\n<p>15. <strong><strong><strong><strong><strong><strong>Anna MUSIO\u0141<\/strong><\/strong><\/strong><\/strong><\/strong><\/strong> \u2013 <a href=\"https:\/\/managementpapers.polsl.pl\/wp-content\/uploads\/2022\/12\/165-Musio\u0142.pdf\">Philosophical psychotherapy in VUCA world and BANI reality: reflections on health coaching<\/a> (page 211)<br>DOI: http:\/\/dx.doi.org\/10.29119\/1641-3466.2022.165.15<\/p>\n\n\n\n<p>16. <strong><strong><strong><strong><strong><strong>Ma\u0142gorzata NADZIAKIEWICZ<\/strong><\/strong><\/strong><\/strong><\/strong> <\/strong>\u2013 <a href=\"https:\/\/managementpapers.polsl.pl\/wp-content\/uploads\/2022\/12\/165-Nadziakiewicz.pdf\">The quality and safety of medical services and the patiens rights<\/a> (page 223)<br>DOI: http:\/\/dx.doi.org\/10.29119\/1641-3466.2022.165.16<\/p>\n\n\n\n<p>17. <strong><strong><strong><strong><strong><strong>Marek NIEZABITOWSKI<\/strong><\/strong><\/strong><\/strong><\/strong><\/strong> \u2013 <a href=\"https:\/\/managementpapers.polsl.pl\/wp-content\/uploads\/2022\/12\/165-Niezabitowski.pdf\">Social aspects of Smart City \u2013 some sociological remarks on the issue<\/a> (page 233)<br>DOI: http:\/\/dx.doi.org\/10.29119\/1641-3466.2022.165.17<\/p>\n\n\n\n<p>18. <strong><strong><strong><strong><strong><strong>Zbigniew ORBIK<\/strong><\/strong><\/strong><\/strong><\/strong> <\/strong>\u2013 <a href=\"https:\/\/managementpapers.polsl.pl\/wp-content\/uploads\/2022\/12\/165-Orbik.pdf\">Corporate social responsibility and the Smart City concept<\/a> (page 245)<br>DOI: http:\/\/dx.doi.org\/10.29119\/1641-3466.2022.165.18<\/p>\n\n\n\n<p>19. <strong><strong><strong><strong><strong><strong>Gra\u017cyna OSIKA<\/strong><\/strong><\/strong><\/strong><\/strong> \u2013 <\/strong><a href=\"https:\/\/managementpapers.polsl.pl\/wp-content\/uploads\/2022\/12\/165-Osika.pdf\">Humanistic and social dimensions of cobotization in the context of implementation Industry 5.0<\/a> (page 259)<br>DOI: http:\/\/dx.doi.org\/10.29119\/1641-3466.2022.165.19<\/p>\n\n\n\n<p>20. <strong><strong><strong><strong><strong><strong>Katarzyna POSTRZEDNIK-LOTKO<\/strong><\/strong><\/strong><\/strong><\/strong> \u2013<\/strong> <a href=\"https:\/\/managementpapers.polsl.pl\/wp-content\/uploads\/2022\/12\/165-Postrzednik-Lotko.pdf\">Managing quality of life in the post-pandemic period<\/a> (page 275)<br>DOI: http:\/\/dx.doi.org\/10.29119\/1641-3466.2022.165.20<\/p>\n\n\n\n<p>21. <strong><strong><strong><strong><strong><strong><strong>Barbara PRZYBYLSKA-CZAJKOWSKA<\/strong><\/strong><\/strong><\/strong><\/strong><\/strong><\/strong> <strong>\u2013 <\/strong><a href=\"https:\/\/managementpapers.polsl.pl\/wp-content\/uploads\/2022\/12\/165-Przybylska-Czajkowska.pdf\">Introductory remarks on axiology of technology<\/a> (page 285)<br>DOI: http:\/\/dx.doi.org\/10.29119\/1641-3466.2022.165.21<\/p>\n\n\n\n<p>22. <strong><strong><strong><strong><strong><strong>Luk\u00e1\u0161 SIEGEL<\/strong><\/strong><\/strong><\/strong><\/strong> <\/strong>\u2013 <a href=\"https:\/\/managementpapers.polsl.pl\/wp-content\/uploads\/2022\/12\/165-Siegel.pdf\">How to care? An analysis of the contemporary social issues through the lens of care ethics<\/a> (page 297)<br>DOI: http:\/\/dx.doi.org\/10.29119\/1641-3466.2022.165.22<\/p>\n\n\n\n<p>23. <strong><strong><strong><strong><strong><strong>Mariya SIRA<\/strong><\/strong><\/strong><\/strong><\/strong><\/strong> \u2013 <a href=\"https:\/\/managementpapers.polsl.pl\/wp-content\/uploads\/2022\/12\/165-Sira.pdf\">Artificial intelligence and its application in business management<\/a> (page 307)<br>DOI: http:\/\/dx.doi.org\/10.29119\/1641-3466.2022.165.23<\/p>\n\n\n\n<p>24. <strong><strong><strong><strong><strong><strong>Brygida SMO\u0141KA-FRANKE<\/strong><\/strong><\/strong><\/strong><\/strong> <\/strong>\u2013 <a href=\"https:\/\/managementpapers.polsl.pl\/wp-content\/uploads\/2022\/12\/165-Smo\u0142ka-Franke.pdf\">The city as a brand. About the importance of creativity in city development and promotion<\/a> (page 347)<br>DOI: http:\/\/dx.doi.org\/10.29119\/1641-3466.2022.165.24<\/p>\n\n\n\n<p>25. <strong><strong><strong><strong><strong><strong>Iwona SOBIERAJ<\/strong><\/strong><\/strong><\/strong><\/strong><\/strong> \u2013 <a href=\"https:\/\/managementpapers.polsl.pl\/wp-content\/uploads\/2022\/12\/165-Sobieraj.pdf\">Evaluating citizen science projects<\/a> (page 359)<br>DOI: http:\/\/dx.doi.org\/10.29119\/1641-3466.2022.165.25<\/p>\n\n\n\n<p>26. <strong><strong><strong><strong><strong><strong><strong>Aleksandra SYNOWIEC<\/strong><\/strong><\/strong><\/strong><\/strong><\/strong> <\/strong>\u2013 <a href=\"https:\/\/managementpapers.polsl.pl\/wp-content\/uploads\/2022\/12\/165-Synowiec.pdf\">Barriers of cultural adaptation in the context of the influx of Ukrainian war refugees to Poland<\/a> (page 371)<br>DOI: http:\/\/dx.doi.org\/10.29119\/1641-3466.2022.165.26<\/p>\n\n\n\n<p>27. <strong><strong><strong><strong><strong><strong><strong>Pawe\u0142 WAWRZA\u0141A<\/strong><\/strong><\/strong><\/strong><\/strong><\/strong><\/strong> <a>\u2013<\/a> <a href=\"https:\/\/managementpapers.polsl.pl\/wp-content\/uploads\/2022\/12\/165-Wawrza\u0142a.pdf\">A model to support the formation and work of design thinking teams<\/a> (page 383)<br>DOI: http:\/\/dx.doi.org\/10.29119\/1641-3466.2022.165.27<\/p>\n\n\n\n<p>28. <strong><strong><strong><strong><strong><strong><strong>Piotr WERY\u0143SKI, Dorota DOLI\u0143SKA-WERY\u0143SKA<\/strong><\/strong><\/strong><\/strong><\/strong><\/strong><\/strong> \u2013 <a href=\"https:\/\/managementpapers.polsl.pl\/wp-content\/uploads\/2022\/12\/165-Wery\u0144ski-Doli\u0144ska-Wery\u0144ska.pdf\">Public sphere of social media and the idea of Society 4.0 and 5.0. Study of a selected media discourse<\/a> (page 393)<br>DOI: http:\/\/dx.doi.org\/10.29119\/1641-3466.2022.165.28<\/p>\n","protected":false},"excerpt":{"rendered":"<p>Scientific Papers of Silesian University of Technology &#8211; Organization and Management Series &#8211; Issue No. 165 Click Here To Download Full Issue No. 165 ForewordInsertTable of contentsList of reviewers 1. Michal BOCZEK \u2013 Copyright \u2013 protection of intelligent man or artificial intelligence? (page 7)DOI: http:\/\/dx.doi.org\/10.29119\/1641-3466.2022.165.1 2. Ma\u0142gorzata CHRZANOWSKA-GANCARZ \u2013 The dark side of the Internet [&hellip;]<\/p>\n","protected":false},"author":1,"featured_media":0,"parent":0,"menu_order":0,"comment_status":"closed","ping_status":"closed","template":"","meta":{"footnotes":""},"class_list":["post-2635","page","type-page","status-publish","hentry"],"_links":{"self":[{"href":"https:\/\/managementpapers.polsl.pl\/index.php?rest_route=\/wp\/v2\/pages\/2635","targetHints":{"allow":["GET"]}}],"collection":[{"href":"https:\/\/managementpapers.polsl.pl\/index.php?rest_route=\/wp\/v2\/pages"}],"about":[{"href":"https:\/\/managementpapers.polsl.pl\/index.php?rest_route=\/wp\/v2\/types\/page"}],"author":[{"embeddable":true,"href":"https:\/\/managementpapers.polsl.pl\/index.php?rest_route=\/wp\/v2\/users\/1"}],"replies":[{"embeddable":true,"href":"https:\/\/managementpapers.polsl.pl\/index.php?rest_route=%2Fwp%2Fv2%2Fcomments&post=2635"}],"version-history":[{"count":7,"href":"https:\/\/managementpapers.polsl.pl\/index.php?rest_route=\/wp\/v2\/pages\/2635\/revisions"}],"predecessor-version":[{"id":2689,"href":"https:\/\/managementpapers.polsl.pl\/index.php?rest_route=\/wp\/v2\/pages\/2635\/revisions\/2689"}],"wp:attachment":[{"href":"https:\/\/managementpapers.polsl.pl\/index.php?rest_route=%2Fwp%2Fv2%2Fmedia&parent=2635"}],"curies":[{"name":"wp","href":"https:\/\/api.w.org\/{rel}","templated":true}]}}