{"id":2399,"date":"2022-12-01T10:08:44","date_gmt":"2022-12-01T09:08:44","guid":{"rendered":"https:\/\/managementpapers.polsl.pl\/?page_id=2399"},"modified":"2022-12-01T10:43:51","modified_gmt":"2022-12-01T09:43:51","slug":"scientific-papers-of-silesian-university-of-technology-organization-and-management-series-issue-no-161","status":"publish","type":"page","link":"https:\/\/managementpapers.polsl.pl\/?page_id=2399","title":{"rendered":"Scientific Papers of Silesian University of Technology \u2013 Organization and Management Series \u2013 Issue No. 161"},"content":{"rendered":"\n<p><strong>Scientific Papers of Silesian University of Technology &#8211; Organization and Management Series &#8211; Issue No. 161<\/strong><\/p>\n\n\n\n<p class=\"has-text-align-center\"><a href=\"https:\/\/managementpapers.polsl.pl\/wp-content\/uploads\/2022\/12\/ZN161.pdf\">Click Here To Download Full Issue No. 161<\/a><\/p>\n\n\n\n<p class=\"has-text-align-center\"><a href=\"https:\/\/managementpapers.polsl.pl\/wp-content\/uploads\/2022\/12\/161-Wprowadzenie.pdf\">Foreword<br><\/a><a href=\"https:\/\/managementpapers.polsl.pl\/wp-content\/uploads\/2022\/12\/161-wk\u0142adka.pdf\">Insert<\/a><br><a href=\"https:\/\/managementpapers.polsl.pl\/wp-content\/uploads\/2022\/12\/161-spis-tre\u015bci-angielski.pdf\">Table of contents<\/a><br><a href=\"https:\/\/managementpapers.polsl.pl\/wp-content\/uploads\/2022\/12\/161-Wykaz-recenzent\u00f3w.pdf\">List of reviewers<\/a><\/p>\n\n\n\n<p>1. <strong><strong>Anna GEMBALSKA-KWIECIE\u0143<\/strong><\/strong> \u2013 <a href=\"https:\/\/managementpapers.polsl.pl\/wp-content\/uploads\/2022\/12\/161-Gembalska-Kwiecie\u0144.pdf\">Selected methods of project and data analysis<\/a> (page 7)<br>DOI: http:\/\/dx.doi.org\/10.29119\/1641-3466.2022.161.1<\/p>\n\n\n\n<p>2. <strong><strong>Beata HYSA, Aneta KARASEK<\/strong> <\/strong>\u2013 <a href=\"https:\/\/managementpapers.polsl.pl\/wp-content\/uploads\/2022\/12\/161-Hysa-Karasek.pdf\">Tourists\u2019 motivations for using social media<\/a> (page 23)<br>DOI: http:\/\/dx.doi.org\/10.29119\/1641-3466.2022.161.2<\/p>\n\n\n\n<p>3. <strong><strong>Izabela JONEK-KOWALSKA, Tomasz KURDELSKI<\/strong><\/strong> <a>\u2013<\/a> <a href=\"https:\/\/managementpapers.polsl.pl\/wp-content\/uploads\/2022\/12\/161-Jonek-Kowalska-Kurdelski.pdf\">The usage of renewable energy sources by countries in the Visegr\u00e1d Group. Diagnosis and environmental effects<\/a> (page 37)<br>DOI: http:\/\/dx.doi.org\/10.29119\/1641-3466.2022.161.3<\/p>\n\n\n\n<p>4. <strong><strong>Marcin KO\u0141ODZIEJSKI, Zbigniew MATUSZAK, Iwona \u017bABI\u0143SKA<\/strong><\/strong> \u2013 <a href=\"https:\/\/managementpapers.polsl.pl\/wp-content\/uploads\/2022\/12\/161-Ko\u0142odziejski-Matuszak-\u017babi\u0144ska.pdf\">Possibilities of using hydrogen buses in urban transport<\/a> (page 53)<br>DOI: http:\/\/dx.doi.org\/10.29119\/1641-3466.2022.161.4<\/p>\n\n\n\n<p>5. <strong><strong>Agnieszka KOWALSKA-STYCZE\u0143, Janusz SIWY<\/strong> <\/strong>\u2013 <a href=\"https:\/\/managementpapers.polsl.pl\/wp-content\/uploads\/2022\/12\/161-Kowalska-Stycze\u0144-Siwy.pdf\">Demand side respond in the context of renewable energy prosumers<\/a> (page 65)<br>DOI: http:\/\/dx.doi.org\/10.29119\/1641-3466.2022.161.5<\/p>\n\n\n\n<p>6. <strong><strong>Patrycja KWOSEK, Mariusz J. LIGARSKI<\/strong><\/strong> \u2013 <a href=\"https:\/\/managementpapers.polsl.pl\/wp-content\/uploads\/2022\/12\/161-Kwosek-Ligarski.pdf\">Quality of life assessment in terms of residents \u2013 example of a large city<\/a> (page 79)<br>DOI: http:\/\/dx.doi.org\/10.29119\/1641-3466.2022.161.6<\/p>\n\n\n\n<p>7. <strong><strong>Mariusz J. LIGARSKI<\/strong><\/strong> \u2013 <a href=\"https:\/\/managementpapers.polsl.pl\/wp-content\/uploads\/2022\/12\/161-Ligarski.pdf\">How cities measure quality of life \u2013 concept of the second stage of the research<\/a> (page 97)<br>DOI: http:\/\/dx.doi.org\/10.29119\/1641-3466.2022.161.7<\/p>\n\n\n\n<p>8. <strong><strong>Zbigniew MATUSZAK, Ewelina Z\u0141OCZOWSKA, Iwona \u017bABI\u0143SKA<\/strong> <\/strong>\u2013 <a href=\"https:\/\/managementpapers.polsl.pl\/wp-content\/uploads\/2022\/12\/161-Matuszak-Z\u0142oczowska-\u017babiska.pdf\">The impact of selected cooling systems on the urban natural environment<\/a> (page 111)<br>DOI: http:\/\/dx.doi.org\/10.29119\/1641-3466.2022.161.8<\/p>\n\n\n\n<p>9. <strong><strong>Krzysztof MICHALSKI<\/strong> <\/strong>\u2013 <a href=\"https:\/\/managementpapers.polsl.pl\/wp-content\/uploads\/2022\/12\/161-Michalski.pdf\">Study of the impact of the pandemic on the functioning of micro-enterprises in the Silesian voivodeship<\/a> (page 121)<br>DOI: http:\/\/dx.doi.org\/10.29119\/1641-3466.2022.161.9<\/p>\n\n\n\n<p>10. <strong><strong>Anna MICHNA, Joanna KRUSZEWSKA<\/strong> <\/strong>\u2013 <a href=\"https:\/\/managementpapers.polsl.pl\/wp-content\/uploads\/2022\/12\/161-Michna-Kruszewska.pdf\">Study on key competences for the implementation of Industry 4.0 solutions<\/a> (page 137)<br>DOI: http:\/\/dx.doi.org\/10.29119\/1641-3466.2022.161.10<\/p>\n\n\n\n<p>11. <strong><strong>El\u017cbieta MILEWSKA<\/strong> <\/strong>\u2013 <a href=\"https:\/\/managementpapers.polsl.pl\/wp-content\/uploads\/2022\/12\/161-Milewska.pdf\">Functionality analysis of the software supporting the production of spare parts used in the complaint repair: a case study<\/a> (page 155)<br>DOI: http:\/\/dx.doi.org\/10.29119\/1641-3466.2022.161.11<\/p>\n\n\n\n<p>12. <strong><strong>Anna MULARCZYK, Iwona ZDONEK<\/strong> <\/strong>\u2013 <a href=\"https:\/\/managementpapers.polsl.pl\/wp-content\/uploads\/2022\/12\/161-Mularczyk-Zdonek.pdf\">Development of solar energy in Poland in the context of European countries<\/a> (page 171)<br>DOI: http:\/\/dx.doi.org\/10.29119\/1641-3466.2022.161.12<\/p>\n\n\n\n<p>13. <strong><strong>Tomasz NAWROCKI<\/strong> \u2013 <\/strong><a href=\"https:\/\/managementpapers.polsl.pl\/wp-content\/uploads\/2022\/12\/161-Nawrocki.pdf\">Human capital and its efficiency on the example of industrial and new technologies companies<\/a> (page 187)<br>DOI: http:\/\/dx.doi.org\/10.29119\/1641-3466.2022.161.13<\/p>\n\n\n\n<p>14. <strong><strong>Tomasz OWCZAREK, Adam SOJDA, Maciej WOLNY<\/strong> <\/strong>\u2013 <a href=\"https:\/\/managementpapers.polsl.pl\/wp-content\/uploads\/2022\/12\/161-Owczarek-Sojda-Wolny.pdf\">The study of the interdependencies of areas and aspects of smart city in Polish cities<\/a> (page 203)<br>DOI: http:\/\/dx.doi.org\/10.29119\/1641-3466.2022.161.14<\/p>\n\n\n\n<p>15. <strong><strong>Magdalena PICHLAK<\/strong><\/strong> \u2013 <a href=\"https:\/\/managementpapers.polsl.pl\/wp-content\/uploads\/2022\/12\/161-Pichlak.pdf\">Environmental sustainability orientation from a dynamic capabilities perspective \u2013 a conceptual approach<\/a> (page 215)<br>DOI: http:\/\/dx.doi.org\/10.29119\/1641-3466.2022.161.15<\/p>\n\n\n\n<p>16. <strong><strong>Joanna RYDAROWSKA-KURZBAUER<\/strong> <\/strong>\u2013 <a href=\"https:\/\/managementpapers.polsl.pl\/wp-content\/uploads\/2022\/12\/161-Rydarowska-Kurzbauer.pdf\">Disparities in regional development on the example of Polish provinces between 2000 and 2020<\/a> (page 229)<br>DOI: http:\/\/dx.doi.org\/10.29119\/1641-3466.2022.161.16<\/p>\n\n\n\n<p>17. <strong><strong>Alina RYDZEWSKA<\/strong><\/strong> \u2013 <a href=\"https:\/\/managementpapers.polsl.pl\/wp-content\/uploads\/2022\/12\/161-Rydzewska.pdf\">Green finance to combat climate change<\/a> (page 249)<br>DOI: http:\/\/dx.doi.org\/10.29119\/1641-3466.2022.161.17<\/p>\n\n\n\n<p>18. <strong><strong>Seweryn SPA\u0141EK<\/strong> <\/strong>\u2013 <a href=\"https:\/\/managementpapers.polsl.pl\/wp-content\/uploads\/2022\/12\/161-Spalek.pdf\">Project management in turbulent times of complexity of social and technological systems<\/a> (page 261)<br>DOI: http:\/\/dx.doi.org\/10.29119\/1641-3466.2022.161.18<\/p>\n\n\n\n<p>19. <strong><strong>Bartosz SZCZ\u0118\u015aNIAK<\/strong> \u2013 <\/strong><a href=\"https:\/\/managementpapers.polsl.pl\/wp-content\/uploads\/2022\/12\/161-Szcz\u0119\u015bniak.pdf\">Online forms and spreadsheet as means to support quality measurement by the SERVQUAL method<\/a> (page 273)<br>DOI: http:\/\/dx.doi.org\/10.29119\/1641-3466.2022.161.19<\/p>\n\n\n\n<p>20. <strong><strong>Danuta SZWAJCA, Alina RYDZEWSKA<\/strong> \u2013<\/strong> <a href=\"https:\/\/managementpapers.polsl.pl\/wp-content\/uploads\/2022\/12\/161-Szwajca-Rydzewska.pdf\">Digital transformation as a challenge for SMES in POLAND in the context of crisis relating to Covid-19 pandemic<\/a> (page 289)<br>DOI: http:\/\/dx.doi.org\/10.29119\/1641-3466.2022.161.20<\/p>\n\n\n\n<p>21. <strong><strong>Danuta SZWAJCA<\/strong><\/strong> <strong>\u2013 <\/strong><a href=\"https:\/\/managementpapers.polsl.pl\/wp-content\/uploads\/2022\/12\/161-Szwajca.pdf\">Different faces of CSR: greenwashing in the context of its impact on corporate reputation<\/a> (page 307)<br>DOI: http:\/\/dx.doi.org\/10.29119\/1641-3466.2022.161.21<\/p>\n\n\n\n<p>22. <strong><strong>Marcin WYSKWARSKI<\/strong> <\/strong>\u2013 <a href=\"https:\/\/managementpapers.polsl.pl\/wp-content\/uploads\/2022\/12\/161-Wyskwarski.pdf\">Responsibilities of project managers. A text mining analysis of job advertisements<\/a> (page 325)<br>DOI: http:\/\/dx.doi.org\/10.29119\/1641-3466.2022.161.22<\/p>\n\n\n\n<p>23. <strong><strong>Micha\u0142 ZASADZIE\u0143<\/strong><\/strong> \u2013 <a href=\"https:\/\/managementpapers.polsl.pl\/wp-content\/uploads\/2022\/12\/161-Zasadzie\u0144.pdf\">Education at technical secondary schools for the needs of Industry 4.0 in Poland with particular consideration of the \u015al\u0105skie voivodship<\/a> (page 349)<br>DOI: http:\/\/dx.doi.org\/10.29119\/1641-3466.2022.161.23<\/p>\n\n\n\n<p>24. <strong><strong>Dariusz ZDONEK<\/strong> <\/strong>\u2013 <a href=\"https:\/\/managementpapers.polsl.pl\/wp-content\/uploads\/2022\/12\/161-Zdonek.pdf\">Web data scraping for digital public relations analysis based on the example of companies installing photovoltaic systems<\/a> (page 365)<br>DOI: http:\/\/dx.doi.org\/10.29119\/1641-3466.2022.161.24<\/p>\n","protected":false},"excerpt":{"rendered":"<p>Scientific Papers of Silesian University of Technology &#8211; Organization and Management Series &#8211; Issue No. 161 Click Here To Download Full Issue No. 161 ForewordInsertTable of contentsList of reviewers 1. Anna GEMBALSKA-KWIECIE\u0143 \u2013 Selected methods of project and data analysis (page 7)DOI: http:\/\/dx.doi.org\/10.29119\/1641-3466.2022.161.1 2. Beata HYSA, Aneta KARASEK \u2013 Tourists\u2019 motivations for using social media [&hellip;]<\/p>\n","protected":false},"author":2,"featured_media":0,"parent":0,"menu_order":0,"comment_status":"closed","ping_status":"closed","template":"","meta":{"footnotes":""},"class_list":["post-2399","page","type-page","status-publish","hentry"],"_links":{"self":[{"href":"https:\/\/managementpapers.polsl.pl\/index.php?rest_route=\/wp\/v2\/pages\/2399","targetHints":{"allow":["GET"]}}],"collection":[{"href":"https:\/\/managementpapers.polsl.pl\/index.php?rest_route=\/wp\/v2\/pages"}],"about":[{"href":"https:\/\/managementpapers.polsl.pl\/index.php?rest_route=\/wp\/v2\/types\/page"}],"author":[{"embeddable":true,"href":"https:\/\/managementpapers.polsl.pl\/index.php?rest_route=\/wp\/v2\/users\/2"}],"replies":[{"embeddable":true,"href":"https:\/\/managementpapers.polsl.pl\/index.php?rest_route=%2Fwp%2Fv2%2Fcomments&post=2399"}],"version-history":[{"count":5,"href":"https:\/\/managementpapers.polsl.pl\/index.php?rest_route=\/wp\/v2\/pages\/2399\/revisions"}],"predecessor-version":[{"id":2436,"href":"https:\/\/managementpapers.polsl.pl\/index.php?rest_route=\/wp\/v2\/pages\/2399\/revisions\/2436"}],"wp:attachment":[{"href":"https:\/\/managementpapers.polsl.pl\/index.php?rest_route=%2Fwp%2Fv2%2Fmedia&parent=2399"}],"curies":[{"name":"wp","href":"https:\/\/api.w.org\/{rel}","templated":true}]}}